The document contains log entries from an application initialization process, detailing the setup of various Firebase services, including Crashlytics and Analytics. It also highlights issues such as missing resources and configuration warnings related to libraries and dependencies. Additionally, there are indications of compatibility changes and module loading processes for Google services.
We take content rights seriously. If you suspect this is your content, claim it here.
Available Formats
Download as TXT, PDF, TXT or read online on Scribd
0 ratings0% found this document useful (0 votes)
25 views14 pages
Com - Hello.miheapp - Secretspace Logcat
The document contains log entries from an application initialization process, detailing the setup of various Firebase services, including Crashlytics and Analytics. It also highlights issues such as missing resources and configuration warnings related to libraries and dependencies. Additionally, there are indications of compatibility changes and module loading processes for Google services.
We take content rights seriously. If you suspect this is your content, claim it here.
Available Formats
Download as TXT, PDF, TXT or read online on Scribd
You are on page 1/ 14
--------- beginning of main
03-23 12:35:52.301 15304 15304 D CompatibilityChangeReporter: Compat change id
reported: 183155436; UID 10281; state: ENABLED
03-23 12:35:52.435 15304 15304 D SessionsDependencies: Dependency to CRASHLYTICS added.
03-23 12:35:52.468 15304 15304 I FirebaseApp: Device unlocked: initializing all Firebase APIs for app [DEFAULT]
03-23 12:35:52.489 15304 15304 I FirebaseCrashlytics: Initializing Firebase Crashlytics 18.6.2 for com.hello.miheapp.secretspace
03-23 12:35:52.565 15304 15304 D SessionsDependencies: Subscriber CRASHLYTICS registered.
03-23 12:35:52.614 15304 15441 I DynamiteModule: Considering local module com.google.android.gms.measurement.dynamite:100 and remote module com.google.android.gms.measurement.dynamite:140
03-23 12:35:52.614 15304 15441 I DynamiteModule: Selected remote version of com.google.android.gms.measurement.dynamite, version >= 140
03-23 12:35:52.614 15304 15441 V DynamiteModule: Dynamite loader version >= 2, using loadModule2NoCrashUtils
03-23 12:35:52.726 15304 15441 W System : ClassLoader referenced unknown path:
03-23 12:35:52.738 15304 15441 D nativeloader: Configuring clns-6 for other apk . target_sdk_version=34, uses_libraries=, library_path=/data/app/~~QRpELKzN-jPl7FSv- xj7Fg==/com.google.android.gms-UrS4f1jfHI_DUMTMaIDIIw==/lib/arm64:/data/app/ ~~QRpELKzN-jPl7FSv-xj7Fg==/com.google.android.gms-UrS4f1jfHI_DUMTMaIDIIw==/ base.apk!/lib/arm64-v8a, permitted_path=/data:/mnt/expand:/data/user/0/com.google.android.gms
03-23 12:35:53.284 15304 15304 D FirebaseSessions: Initializing Firebase Sessions SDK.
03-23 12:35:53.295 15304 15304 I FirebaseInitProvider: FirebaseApp initialization successful
03-23 12:35:53.359 15304 15304 D WM-WrkMgrInitializer: Initializing WorkManager with default configuration.
03-23 12:35:53.370 15304 15304 D WM-PackageManagerHelper: Skipping component enablement for androidx.work.impl.background.systemjob.SystemJobService
03-23 12:35:53.388 15304 15304 D WM-Schedulers: Created SystemJobScheduler and enabled SystemJobService
03-23 12:35:53.412 15304 15535 D nativeloader: Configuring clns-7 for other apk /system/framework/com.android.media.remotedisplay.jar. target_sdk_version=34, uses_libraries=ALL, library_path=/data/app/~~QRpELKzN-jPl7FSv-xj7Fg==/com.google.android.gms- UrS4f1jfHI_DUMTMaIDIIw==/lib/arm64:/data/app/~~QRpELKzN-jPl7FSv-xj7Fg==/ com.google.android.gms-UrS4f1jfHI_DUMTMaIDIIw==/base.apk!/lib/arm64-v8a, permitted_path=/data:/mnt/expand:/data/user/0/com.google.android.gms
03-23 12:35:53.413 15304 15535 D nativeloader: Extending system_exposed_libraries: libapuwareapusys.mtk.so:libapuwareapusys_v2.mtk.so:libapuwarexrp.mtk.so:libapuwarex rp_v2.mtk.so:libapuwareutils.mtk.so:libapuwareutils_v2.mtk.so:libapuwarehmp.mtk.so: libmcv_runtime_usdk.mtk.so:libneuron_graph_delegate.mtk.so:libneuronusdk_adapter.mt k.so:libtflite_mtk.mtk.so:libarmnn_ndk.mtk.so:libcmdl_ndk.mtk.so:libnir_neon_driver _ndk.mtk.so:libmvpu_runtime.mtk.so:libmvpu_runtime_pub.mtk.so:libmvpu_engine_pub.mt k.so:libmvpu_pattern_pub.mtk.so:libmvpuop_mtk_cv.mtk.so:libmvpuop_mtk_nn.mtk.so:lib mvpu_runtime_25.mtk.so:libmvpu_runtime_25_pub.mtk.so:libmvpu_engine_25_pub.mtk.so:l ibmvpu_pattern_25_pub.mtk.so:libmvpuop25_mtk_cv.mtk.so:libmvpuop25_mtk_nn.mtk.so:li bmvpu_config.mtk.so:libteeservice_client.trustonic.so:libmisys_jni.xiaomi.so
03-23 12:35:53.426 15304 15533 D LifecycleServiceBinder: Binding service to application.
03-23 12:35:53.444 15304 15535 W app.secretspace: Suspending all threads took: 14.900ms
03-23 12:35:53.448 15304 15535 D nativeloader: Configuring clns-8 for other apk /system/framework/com.android.location.provider.jar. target_sdk_version=34, uses_libraries=ALL, library_path=/data/app/~~QRpELKzN-jPl7FSv-xj7Fg==/com.google.android.gms- UrS4f1jfHI_DUMTMaIDIIw==/lib/arm64:/data/app/~~QRpELKzN-jPl7FSv-xj7Fg==/ com.google.android.gms-UrS4f1jfHI_DUMTMaIDIIw==/base.apk!/lib/arm64-v8a, permitted_path=/data:/mnt/expand:/data/user/0/com.google.android.gms
03-23 12:35:53.449 15304 15535 D nativeloader: Extending system_exposed_libraries: libapuwareapusys.mtk.so:libapuwareapusys_v2.mtk.so:libapuwarexrp.mtk.so:libapuwarex rp_v2.mtk.so:libapuwareutils.mtk.so:libapuwareutils_v2.mtk.so:libapuwarehmp.mtk.so: libmcv_runtime_usdk.mtk.so:libneuron_graph_delegate.mtk.so:libneuronusdk_adapter.mt k.so:libtflite_mtk.mtk.so:libarmnn_ndk.mtk.so:libcmdl_ndk.mtk.so:libnir_neon_driver _ndk.mtk.so:libmvpu_runtime.mtk.so:libmvpu_runtime_pub.mtk.so:libmvpu_engine_pub.mt k.so:libmvpu_pattern_pub.mtk.so:libmvpuop_mtk_cv.mtk.so:libmvpuop_mtk_nn.mtk.so:lib mvpu_runtime_25.mtk.so:libmvpu_runtime_25_pub.mtk.so:libmvpu_engine_25_pub.mtk.so:l ibmvpu_pattern_25_pub.mtk.so:libmvpuop25_mtk_cv.mtk.so:libmvpuop25_mtk_nn.mtk.so:li bmvpu_config.mtk.so:libteeservice_client.trustonic.so:libmisys_jni.xiaomi.so
03-23 12:35:53.481 15304 15304 W i4.z : Please set a value for AutoLogAppEventsEnabled. Set the flag to TRUE if you want to collect app install, app launch and in-app purchase events automatically. To request user consent before collecting data, set the flag value to FALSE, then change to TRUE once user consent is received. Learn more: https://developers.facebook.com/docs/app-events/getting- started-app-events-android#disable-auto-events.
03-23 12:35:53.481 15304 15304 W i4.z : You haven't set a value for AdvertiserIDCollectionEnabled. Set the flag to TRUE if you want to collect Advertiser ID for better advertising and analytics results. To request user consent before collecting data, set the flag value to FALSE, then change to TRUE once user consent is received. Learn more: https://developers.facebook.com/docs/app-events/getting-started-app-events- android#disable-auto-events.
03-23 12:35:53.560 15304 15535 W app.secretspace: Suspending all threads took: 33.134ms
03-23 12:35:53.560 15304 15535 I app.secretspace: Failed to add image file: Dex cache count and dex file count mismatch while trying to initialize from image
03-23 12:35:53.562 15304 15535 D nativeloader: Configuring clns-9 for other apk /data/app/~~QRpELKzN-jPl7FSv-xj7Fg==/com.google.android.gms- UrS4f1jfHI_DUMTMaIDIIw==/base.apk. target_sdk_version=34, uses_libraries=, library_path=/data/app/~~QRpELKzN-jPl7FSv-xj7Fg==/com.google.android.gms- UrS4f1jfHI_DUMTMaIDIIw==/lib/arm64:/data/app/~~QRpELKzN-jPl7FSv-xj7Fg==/ com.google.android.gms-UrS4f1jfHI_DUMTMaIDIIw==/base.apk!/lib/arm64-v8a, permitted_path=/data:/mnt/expand:/data/user/0/com.google.android.gms
03-23 12:35:53.599 15304 15457 I FirebaseCrashlytics: No version control information found
03-23 12:35:53.709 15304 15535 I DynamiteModule: Considering local module com.google.android.gms.ads.dynamite:0 and remote module com.google.android.gms.ads.dynamite:250505301
03-23 12:35:53.709 15304 15535 I DynamiteModule: Selected remote version of com.google.android.gms.ads.dynamite, version >= 250505301
03-23 12:35:53.709 15304 15535 V DynamiteModule: Dynamite loader version >= 2, using loadModule2NoCrashUtils
03-23 12:35:53.710 15304 15538 D CompatibilityChangeReporter: Compat change id reported: 160794467; UID 10281; state: ENABLED
03-23 12:35:53.814 15304 15304 W Glide : Failed to find GeneratedAppGlideModule. You should include an annotationProcessor compile dependency on com.github.bumptech.glide:compiler in your application and a @GlideModule annotated AppGlideModule implementation or LibraryGlideModules will be silently ignored
03-23 12:35:53.967 15304 15304 I DynamiteModule: Considering local module com.google.android.gms.ads.dynamite:0 and remote module com.google.android.gms.ads.dynamite:250505301
03-23 12:35:53.969 15304 15304 I DynamiteModule: Selected remote version of com.google.android.gms.ads.dynamite, version >= 250505301
03-23 12:35:53.975 15304 15304 D DynamitePackage: Instantiated singleton DynamitePackage.
03-23 12:35:53.976 15304 15304 D DynamitePackage: Instantiating com.google.android.gms.ads.ChimeraMobileAdsSettingManagerCreatorImpl
03-23 12:35:54.182 15304 15523 E app.secretspace: No package ID 76 found for resource ID 0x760b000f.
03-23 12:35:54.183 15304 15523 E app.secretspace: No package ID 76 found for resource ID 0x760b000f.
03-23 12:35:54.193 15304 15523 I FA : App measurement initialized, version: 118001
03-23 12:35:54.193 15304 15523 I FA : To enable debug logging run: adb shell setprop log.tag.FA VERBOSE
03-23 12:35:54.193 15304 15523 I FA : To enable faster debug mode event logging run:
03-23 12:35:54.193 15304 15523 I FA : adb shell setprop debug.firebase.analytics.app com.hello.miheapp.secretspace
03-23 12:35:54.887 15304 15304 I WebViewFactory: Loading com.google.android.webview version 134.0.6998.39 (code 699803933)
03-23 12:35:54.955 15304 15304 W ziparchive: Unable to open '/data/app/~~MIqBSf4gH2FF_nrw31HvVg==/com.google.android.trichromelibrary_699803933 -rLp57ELviDGDEjm6EBeWww==/base.dm': No such file or directory
03-23 12:35:54.969 15304 15304 W ziparchive: Unable to open '/data/app/~~MIqBSf4gH2FF_nrw31HvVg==/com.google.android.trichromelibrary_699803933 -rLp57ELviDGDEjm6EBeWww==/base.dm': No such file or directory
03-23 12:35:54.970 15304 15304 W app.secretspace: Entry not found
03-23 12:35:54.972 15304 15304 D nativeloader: Configuring clns-10 for other apk /data/app/~~MIqBSf4gH2FF_nrw31HvVg==/com.google.android.trichromelibrary_699803933- rLp57ELviDGDEjm6EBeWww==/base.apk. target_sdk_version=35, uses_libraries=ALL, library_path=/data/app/~~pfYLlVaUhT3tq8-T9TjaOA==/com.google.android.webview- dpC3lR2oy_n_J9KdNyj3dg==/lib/arm64:/data/app/~~pfYLlVaUhT3tq8-T9TjaOA==/ com.google.android.webview-dpC3lR2oy_n_J9KdNyj3dg==/base.apk!/lib/arm64-v8a:/data/ app/~~MIqBSf4gH2FF_nrw31HvVg==/com.google.android.trichromelibrary_699803933- rLp57ELviDGDEjm6EBeWww==/base.apk!/lib/arm64-v8a, permitted_path=/data:/mnt/expand
03-23 12:35:54.972 15304 15304 D nativeloader: Extending system_exposed_libraries: libapuwareapusys.mtk.so:libapuwareapusys_v2.mtk.so:libapuwarexrp.mtk.so:libapuwarex rp_v2.mtk.so:libapuwareutils.mtk.so:libapuwareutils_v2.mtk.so:libapuwarehmp.mtk.so: libmcv_runtime_usdk.mtk.so:libneuron_graph_delegate.mtk.so:libneuronusdk_adapter.mt k.so:libtflite_mtk.mtk.so:libarmnn_ndk.mtk.so:libcmdl_ndk.mtk.so:libnir_neon_driver _ndk.mtk.so:libmvpu_runtime.mtk.so:libmvpu_runtime_pub.mtk.so:libmvpu_engine_pub.mt k.so:libmvpu_pattern_pub.mtk.so:libmvpuop_mtk_cv.mtk.so:libmvpuop_mtk_nn.mtk.so:lib mvpu_runtime_25.mtk.so:libmvpu_runtime_25_pub.mtk.so:libmvpu_engine_25_pub.mtk.so:l ibmvpu_pattern_25_pub.mtk.so:libmvpuop25_mtk_cv.mtk.so:libmvpuop25_mtk_nn.mtk.so:li bmvpu_config.mtk.so:libteeservice_client.trustonic.so:libmisys_jni.xiaomi.so
03-23 12:35:55.370 15304 15304 I app.secretspace: Failed to add image file: Dex cache count and dex file count mismatch while trying to initialize from image
03-23 12:35:55.375 15304 15304 D nativeloader: Configuring clns-11 for other apk /data/app/~~pfYLlVaUhT3tq8-T9TjaOA==/com.google.android.webview- dpC3lR2oy_n_J9KdNyj3dg==/base.apk. target_sdk_version=35, uses_libraries=, library_path=/data/app/~~pfYLlVaUhT3tq8-T9TjaOA==/com.google.android.webview- dpC3lR2oy_n_J9KdNyj3dg==/lib/arm64:/data/app/~~pfYLlVaUhT3tq8-T9TjaOA==/ com.google.android.webview-dpC3lR2oy_n_J9KdNyj3dg==/base.apk!/lib/arm64-v8a:/data/ app/~~MIqBSf4gH2FF_nrw31HvVg==/com.google.android.trichromelibrary_699803933- rLp57ELviDGDEjm6EBeWww==/base.apk!/lib/arm64-v8a, permitted_path=/data:/mnt/expand
03-23 12:35:55.431 15304 15304 I cr_WVCFactoryProvider: version=134.0.6998.39 (699803933) minSdkVersion=29 isBundle=true multiprocess=true packageId=127
03-23 12:35:55.460 15304 15304 D nativeloader: Load /data/app/~~MIqBSf4gH2FF_nrw31HvVg==/com.google.android.trichromelibrary_699803933- rLp57ELviDGDEjm6EBeWww==/base.apk!/lib/arm64-v8a/libmonochrome_64.so using ns clns- 11 from class loader (caller=/data/app/~~pfYLlVaUhT3tq8-T9TjaOA==/com.google.android.webview- dpC3lR2oy_n_J9KdNyj3dg==/base.apk): ok
03-23 12:35:55.471 15304 15304 D nativeloader: Load /system/lib64/libwebviewchromium_plat_support.so using ns clns-11 from class loader (caller=/data/app/~~pfYLlVaUhT3tq8-T9TjaOA==/com.google.android.webview- dpC3lR2oy_n_J9KdNyj3dg==/base.apk): ok
03-23 12:35:55.523 15304 15811 E chromium: [0323/123555.522331:ERROR:variations_seed_loader.cc(39)] Seed missing signature.
03-23 12:35:55.590 15304 15304 I cr_LibraryLoader: Successfully loaded native library
03-23 12:35:55.596 15304 15304 I cr_CachingUmaRecorder: Flushed 6 samples from 6 histograms, 0 samples were dropped.
03-23 12:35:55.630 15304 15304 I cr_CombinedPProvider: #registerProvider() provider:WV.I8@65c6c1f isPolicyCacheEnabled:false policyProvidersSize:0
03-23 12:35:55.643 15304 15304 I cr_PolicyProvider: #setManagerAndSource() 0
03-23 12:35:55.822 15304 15304 I cr_CombinedPProvider: #linkNativeInternal() 1
03-23 12:35:55.827 15304 15304 I cr_AppResProvider: #getApplicationRestrictionsFromUserManager() Bundle[EMPTY_PARCEL]
03-23 12:35:55.827 15304 15304 I cr_PolicyProvider: #notifySettingsAvailable() 0
03-23 12:35:55.827 15304 15304 I cr_CombinedPProvider: #onSettingsAvailable() 0
03-23 12:35:55.827 15304 15304 I cr_CombinedPProvider: #flushPolicies() --------- beginning of system
03-23 12:35:55.959 15304 15565 W BpBinder: Slow Binder: BpBinder transact took 1682 ms, interface=android.content.IContentProvider, code=1 oneway=false
03-23 12:35:56.182 15304 15304 D CompatibilityChangeReporter: Compat change id reported: 214741472; UID 10281; state: ENABLED
03-23 12:35:56.194 15304 15304 D CompatibilityChangeReporter: Compat change id reported: 171228096; UID 10281; state: ENABLED
03-23 12:35:56.297 14254 14261 I .secretspace:p0: Background concurrent copying GC freed 3771KB AllocSpace bytes, 31(876KB) LOS objects, 49% free, 3808KB/7616KB, paused 141us,39us total 145.223ms
03-23 12:35:56.640 15304 15824 W cr_ChildProcessConn: onServiceDisconnected (crash or killed by oom): pid=0 bindings:WV
03-23 12:35:56.857 15304 15824 W BpBinder: Slow Binder: BpBinder transact took 215 ms, interface=android.app.IActivityManager, code=39 oneway=false
03-23 12:35:56.890 15304 16068 D CompatibilityChangeReporter: Compat change id reported: 247079863; UID 10281; state: ENABLED
03-23 12:35:57.180 15304 16071 W BpBinder: Slow Binder: BpBinder transact took 211 ms, interface=android.content.IContentProvider, code=1 oneway=false
03-23 12:35:57.461 15304 16125 I CameraManagerGlobal: Connecting to camera service
03-23 12:35:57.492 15304 15304 D SessionLifecycleService: Service bound to new client on process 14558
03-23 12:35:57.509 15304 16125 D CameraExtStub: init android.hardware.camera2.impl.CameraExtImplXiaoMi
03-23 12:35:57.515 14558 14558 D SessionLifecycleClient: Connected to SessionLifecycleService. Queue size 0
03-23 12:35:57.522 15304 16127 D SessionLifecycleService: App has not yet foregrounded. Using previously stored session: null
03-23 12:35:57.523 15304 16127 D SessionLifecycleService: Client android.os.Messenger@d0bb93e bound at 267825. Clients: 1
03-23 12:35:57.535 15304 15304 D SessionLifecycleService: Service bound to new client on process 15304
03-23 12:35:57.538 15304 16127 D SessionLifecycleService: App has not yet foregrounded. Using previously stored session: null
03-23 12:35:57.538 15304 16127 D SessionLifecycleService: Client android.os.Messenger@462f39f bound at 267868. Clients: 2
03-23 12:35:57.637 15304 15914 W libc : Access denied finding property "ro.vendor.audio.cloudctrl"
03-23 12:35:57.633 15304 15304 W AudioThread: type=1400 audit(0.0:787): avc: denied { read } for name="u:object_r:vendor_ro_audio_prop:s0" dev="tmpfs" ino=10899 scontext=u:r:untrusted_app:s0:c25,c257,c512,c768 tcontext=u:object_r:vendor_ro_audio_prop:s0 tclass=file permissive=0 app=com.hello.miheapp.secretspace
03-23 12:35:57.642 15304 15914 W cr_media: BLUETOOTH_CONNECT permission is missing.
03-23 12:35:57.643 15304 16152 D libMEOW : meow new tls: 0x7d6c1f3740
03-23 12:35:57.655 15304 15914 W cr_media: getBluetoothAdapter() requires BLUETOOTH permission
03-23 12:35:57.655 15304 15914 W cr_media: registerBluetoothIntentsIfNeeded: Requires BLUETOOTH permission
03-23 12:35:57.656 15304 16152 D libMEOW : meow reload base cfg path: na
03-23 12:35:57.656 15304 16152 D libMEOW : meow reload overlay cfg path: na
03-23 12:35:57.661 15304 16152 E QT : [QT]file does not exist
03-23 12:35:57.669 15304 16152 D libMEOW : applied 1 plugins for [com.hello.miheapp.secretspace]:
03-23 12:35:57.670 15304 16152 D libMEOW : plugin 1: [libMEOW_gift.so]: 0xb400007dcd7e5e40
03-23 12:35:57.674 15304 16152 D libMEOW : rebuild call chain: 0x7d6c2121c0
03-23 12:35:57.735 15304 16152 D vulkan : searching for layers in '/data/app/~~lejXabVpEBxIIap-4Z3BxA==/com.hello.miheapp.secretspace- v2A_Pkbaiv9cppxO96cUTg==/lib/arm64'
03-23 12:35:57.737 15304 16152 D vulkan : searching for layers in '/data/app/~~lejXabVpEBxIIap-4Z3BxA==/com.hello.miheapp.secretspace- v2A_Pkbaiv9cppxO96cUTg==/base.apk!/lib/arm64-v8a'
03-23 12:35:57.738 15304 16152 D vulkan : searching for layers in '/data/app/~~lejXabVpEBxIIap-4Z3BxA==/com.hello.miheapp.secretspace- v2A_Pkbaiv9cppxO96cUTg==/split_config.arm64_v8a.apk!/lib/arm64-v8a'
03-23 12:35:57.743 15304 15304 I M-ProMotion: M-ProMotion is disabled
03-23 12:35:57.763 15304 15304 D SessionLifecycleClient: Connected to SessionLifecycleService. Queue size 0
03-23 12:35:57.844 15304 16152 D vulkan : searching for layers in '/data/app/~~lejXabVpEBxIIap-4Z3BxA==/com.hello.miheapp.secretspace- v2A_Pkbaiv9cppxO96cUTg==/split_config.bn.apk!/lib/arm64-v8a'
03-23 12:35:57.845 15304 16152 D vulkan : searching for layers in '/data/app/~~lejXabVpEBxIIap-4Z3BxA==/com.hello.miheapp.secretspace- v2A_Pkbaiv9cppxO96cUTg==/split_config.en.apk!/lib/arm64-v8a'
03-23 12:35:57.845 15304 16152 D vulkan : searching for layers in '/data/app/~~lejXabVpEBxIIap-4Z3BxA==/com.hello.miheapp.secretspace- v2A_Pkbaiv9cppxO96cUTg==/split_config.gu.apk!/lib/arm64-v8a'
03-23 12:35:57.845 15304 16152 D vulkan : searching for layers in '/data/app/~~lejXabVpEBxIIap-4Z3BxA==/com.hello.miheapp.secretspace- v2A_Pkbaiv9cppxO96cUTg==/split_config.hi.apk!/lib/arm64-v8a'
03-23 12:35:57.845 15304 16152 D vulkan : searching for layers in '/data/app/~~lejXabVpEBxIIap-4Z3BxA==/com.hello.miheapp.secretspace- v2A_Pkbaiv9cppxO96cUTg==/split_config.kn.apk!/lib/arm64-v8a'
03-23 12:35:57.846 15304 16152 D vulkan : searching for layers in '/data/app/~~lejXabVpEBxIIap-4Z3BxA==/com.hello.miheapp.secretspace- v2A_Pkbaiv9cppxO96cUTg==/split_config.mr.apk!/lib/arm64-v8a'
03-23 12:35:57.846 15304 16152 D vulkan : searching for layers in '/data/app/~~lejXabVpEBxIIap-4Z3BxA==/com.hello.miheapp.secretspace- v2A_Pkbaiv9cppxO96cUTg==/split_config.ta.apk!/lib/arm64-v8a'
03-23 12:35:57.846 15304 16152 D vulkan : searching for layers in '/data/app/~~lejXabVpEBxIIap-4Z3BxA==/com.hello.miheapp.secretspace- v2A_Pkbaiv9cppxO96cUTg==/split_config.te.apk!/lib/arm64-v8a'
03-23 12:35:57.847 15304 16152 D vulkan : searching for layers in '/data/app/~~lejXabVpEBxIIap-4Z3BxA==/com.hello.miheapp.secretspace- v2A_Pkbaiv9cppxO96cUTg==/split_config.xhdpi.apk!/lib/arm64-v8a'
03-23 12:35:57.848 15304 16152 W libc : Access denied finding property "vendor.debug.forcibly_enable_mtk_ray_tracing"
03-23 12:35:57.943 15304 16118 I MATDBManager: sqllite db insert success! insert row id:50
03-23 12:35:57.945 15304 16118 I MATDBManager: sqllite db capacity:2
03-23 12:35:57.987 15304 16152 W libc : Access denied finding property "vendor.migl.debug"
03-23 12:35:58.008 15304 16152 E libMiGL : libmigl:This GPU version is note support Variable Shading Rate
03-23 12:35:58.166 15304 16152 W chromium: [WARNING:viz_main_impl.cc(85)] VizNullHypothesis is disabled (not a warning)
03-23 12:35:59.181 15304 15933 W AudioCapabilities: Unsupported mime audio/x-adpcm- dvi-ima
03-23 12:35:59.183 15304 15933 W AudioCapabilities: Unsupported mime audio/x-adpcm- dvi-ima
03-23 12:35:59.184 15304 15933 W AudioCapabilities: Unsupported mime audio/x-adpcm- ms
03-23 12:35:59.185 15304 15933 W AudioCapabilities: Unsupported mime audio/x-adpcm- ms
03-23 12:35:59.186 15304 15933 W AudioCapabilities: Unsupported mime audio/alac
03-23 12:35:59.186 15304 15933 W AudioCapabilities: Unsupported mime audio/alac
03-23 12:35:59.202 15304 15933 W VideoCapabilities: Unrecognized profile/level 32768/256 for video/mp4v-es
03-23 12:35:59.203 15304 15933 W VideoCapabilities: Unrecognized profile/level 32768/256 for video/mp4v-es
03-23 12:36:00.918 15304 15897 D CompatibilityChangeReporter: Compat change id reported: 263076149; UID 10281; state: ENABLED
03-23 12:36:01.776 15304 16500 I MATDBManager: 服务端下发配置缓存成功! 插入行 id:10
03-23 12:36:02.039 15304 15324 I app.secretspace: Background concurrent copying GC freed 7840KB AllocSpace bytes, 73(1696KB) LOS objects, 49% free, 6500KB/12MB, paused 363us,129us total 397.318ms
03-23 12:36:02.312 15304 15304 I Ads : JS: The jsLoaded GMSG has been sent (https://googleads.g.doubleclick.net/mads/static/mad/sdk/native/production/sdk- core-v40-impl.html:896)
03-23 12:36:07.680 15304 16148 W FA : Timed out waiting for get trigger URIs
03-23 12:36:07.681 15304 16148 E FA : Timed out waiting for get trigger URIs
03-23 12:36:18.309 14558 14821 W BpBinder: Slow Binder: BpBinder transact took 30043 ms, interface=com.google.android.gms.measurement.internal.IMeasurementService, code=11 oneway=false
03-23 12:36:28.344 14558 18623 W FA : Timed out waiting for get trigger URIs
03-23 12:36:28.345 14558 18623 E FA : Timed out waiting for get trigger URIs
03-23 12:36:28.849 15304 15523 W BpBinder: Slow Binder: BpBinder transact took 30007 ms, interface=com.google.android.gms.measurement.internal.IMeasurementService, code=11 oneway=false
03-23 12:36:35.041 20166 20166 I libc : SetHeapTaggingLevel: tag level set to 0
03-23 12:36:35.059 20166 20166 I .secretspace:p1: Using CollectorTypeCC GC.
03-23 12:36:35.066 20166 20166 E .secretspace:p1: Not starting debugger since process cannot load the jdwp agent.
03-23 12:36:35.078 20166 20166 D nativeloader: Load libframework-connectivity- tiramisu-jni.so using APEX ns com_android_tethering for caller /apex/com.android.tethering/javalib/framework-connectivity-t.jar: ok
03-23 12:36:35.143 20166 20166 D CompatibilityChangeReporter: Compat change id reported: 171979766; UID 10281; state: ENABLED
03-23 12:36:35.143 20166 20166 D CompatibilityChangeReporter: Compat change id reported: 242716250; UID 10281; state: ENABLED
03-23 12:36:35.229 20166 20166 D ApplicationLoaders: Returning zygote-cached class loader: /system/framework/android.test.base.jar
03-23 12:36:35.413 20166 20166 D nativeloader: Configuring clns-4 for other apk /system/framework/org.apache.http.legacy.jar. target_sdk_version=34, uses_libraries=ALL, library_path=/data/app/~~lejXabVpEBxIIap-4Z3BxA==/com.hello.miheapp.secretspace- v2A_Pkbaiv9cppxO96cUTg==/lib/arm64:/data/app/~~lejXabVpEBxIIap-4Z3BxA==/ com.hello.miheapp.secretspace-v2A_Pkbaiv9cppxO96cUTg==/base.apk!/lib/arm64-v8a:/ data/app/~~lejXabVpEBxIIap-4Z3BxA==/com.hello.miheapp.secretspace- v2A_Pkbaiv9cppxO96cUTg==/split_config.arm64_v8a.apk!/lib/arm64-v8a:/data/app/ ~~lejXabVpEBxIIap-4Z3BxA==/com.hello.miheapp.secretspace-v2A_Pkbaiv9cppxO96cUTg==/ split_config.bn.apk!/lib/arm64-v8a:/data/app/~~lejXabVpEBxIIap-4Z3BxA==/ com.hello.miheapp.secretspace-v2A_Pkbaiv9cppxO96cUTg==/split_config.en.apk!/lib/ arm64-v8a:/data/app/~~lejXabVpEBxIIap-4Z3BxA==/com.hello.miheapp.secretspace- v2A_Pkbaiv9cppxO96cUTg==/split_config.gu.apk!/lib/arm64-v8a:/data/app/ ~~lejXabVpEBxIIap-4Z3BxA==/com.hello.miheapp.secretspace-v2A_Pkbaiv9cppxO96cUTg==/ split_config.hi.apk!/lib/arm64-v8a:/data/app/~~lejXabVpEBxIIap-
03-23 12:36:35.414 20166 20166 D nativeloader: Extending system_exposed_libraries: libapuwareapusys.mtk.so:libapuwareapusys_v2.mtk.so:libapuwarexrp.mtk.so:libapuwarex rp_v2.mtk.so:libapuwareutils.mtk.so:libapuwareutils_v2.mtk.so:libapuwarehmp.mtk.so: libmcv_runtime_usdk.mtk.so:libneuron_graph_delegate.mtk.so:libneuronusdk_adapter.mt k.so:libtflite_mtk.mtk.so:libarmnn_ndk.mtk.so:libcmdl_ndk.mtk.so:libnir_neon_driver _ndk.mtk.so:libmvpu_runtime.mtk.so:libmvpu_runtime_pub.mtk.so:libmvpu_engine_pub.mt k.so:libmvpu_pattern_pub.mtk.so:libmvpuop_mtk_cv.mtk.so:libmvpuop_mtk_nn.mtk.so:lib mvpu_runtime_25.mtk.so:libmvpu_runtime_25_pub.mtk.so:libmvpu_engine_25_pub.mtk.so:l ibmvpu_pattern_25_pub.mtk.so:libmvpuop25_mtk_cv.mtk.so:libmvpuop25_mtk_nn.mtk.so:li bmvpu_config.mtk.so:libteeservice_client.trustonic.so:libmisys_jni.xiaomi.so
03-23 12:36:35.589 20166 20166 W ziparchive: Unable to open '/data/app/~~lejXabVpEBxIIap-4Z3BxA==/com.hello.miheapp.secretspace- v2A_Pkbaiv9cppxO96cUTg==/split_config.arm64_v8a.dm': No such file or directory
03-23 12:36:35.589 20166 20166 W ziparchive: Unable to open '/data/app/~~lejXabVpEBxIIap-4Z3BxA==/com.hello.miheapp.secretspace- v2A_Pkbaiv9cppxO96cUTg==/split_config.arm64_v8a.dm': No such file or directory
03-23 12:36:35.596 20166 20166 W .secretspace:p1: Entry not found
03-23 12:36:35.597 20166 20166 W ziparchive: Unable to open '/data/app/~~lejXabVpEBxIIap-4Z3BxA==/com.hello.miheapp.secretspace- v2A_Pkbaiv9cppxO96cUTg==/split_config.bn.dm': No such file or directory
03-23 12:36:35.598 20166 20166 W ziparchive: Unable to open '/data/app/~~lejXabVpEBxIIap-4Z3BxA==/com.hello.miheapp.secretspace- v2A_Pkbaiv9cppxO96cUTg==/split_config.bn.dm': No such file or directory
03-23 12:36:35.610 20166 20166 W .secretspace:p1: Entry not found
03-23 12:36:35.611 20166 20166 W ziparchive: Unable to open '/data/app/~~lejXabVpEBxIIap-4Z3BxA==/com.hello.miheapp.secretspace- v2A_Pkbaiv9cppxO96cUTg==/split_config.en.dm': No such file or directory
03-23 12:36:35.611 20166 20166 W ziparchive: Unable to open '/data/app/~~lejXabVpEBxIIap-4Z3BxA==/com.hello.miheapp.secretspace- v2A_Pkbaiv9cppxO96cUTg==/split_config.en.dm': No such file or directory
03-23 12:36:35.614 20166 20166 W .secretspace:p1: Entry not found
03-23 12:36:35.616 20166 20166 W ziparchive: Unable to open '/data/app/~~lejXabVpEBxIIap-4Z3BxA==/com.hello.miheapp.secretspace- v2A_Pkbaiv9cppxO96cUTg==/split_config.gu.dm': No such file or directory
03-23 12:36:35.616 20166 20166 W ziparchive: Unable to open '/data/app/~~lejXabVpEBxIIap-4Z3BxA==/com.hello.miheapp.secretspace- v2A_Pkbaiv9cppxO96cUTg==/split_config.gu.dm': No such file or directory
03-23 12:36:35.620 20166 20166 W .secretspace:p1: Entry not found
03-23 12:36:35.621 20166 20166 W ziparchive: Unable to open '/data/app/~~lejXabVpEBxIIap-4Z3BxA==/com.hello.miheapp.secretspace- v2A_Pkbaiv9cppxO96cUTg==/split_config.hi.dm': No such file or directory
03-23 12:36:35.621 20166 20166 W ziparchive: Unable to open '/data/app/~~lejXabVpEBxIIap-4Z3BxA==/com.hello.miheapp.secretspace- v2A_Pkbaiv9cppxO96cUTg==/split_config.hi.dm': No such file or directory
03-23 12:36:35.624 20166 20166 W .secretspace:p1: Entry not found
03-23 12:36:35.625 20166 20166 W ziparchive: Unable to open '/data/app/~~lejXabVpEBxIIap-4Z3BxA==/com.hello.miheapp.secretspace- v2A_Pkbaiv9cppxO96cUTg==/split_config.kn.dm': No such file or directory
03-23 12:36:35.625 20166 20166 W ziparchive: Unable to open '/data/app/~~lejXabVpEBxIIap-4Z3BxA==/com.hello.miheapp.secretspace- v2A_Pkbaiv9cppxO96cUTg==/split_config.kn.dm': No such file or directory
03-23 12:36:35.627 20166 20166 W .secretspace:p1: Entry not found
03-23 12:36:35.629 20166 20166 W ziparchive: Unable to open '/data/app/~~lejXabVpEBxIIap-4Z3BxA==/com.hello.miheapp.secretspace- v2A_Pkbaiv9cppxO96cUTg==/split_config.mr.dm': No such file or directory
03-23 12:36:35.629 20166 20166 W ziparchive: Unable to open '/data/app/~~lejXabVpEBxIIap-4Z3BxA==/com.hello.miheapp.secretspace- v2A_Pkbaiv9cppxO96cUTg==/split_config.mr.dm': No such file or directory
03-23 12:36:35.631 20166 20166 W .secretspace:p1: Entry not found
03-23 12:36:35.631 20166 20166 W ziparchive: Unable to open '/data/app/~~lejXabVpEBxIIap-4Z3BxA==/com.hello.miheapp.secretspace- v2A_Pkbaiv9cppxO96cUTg==/split_config.ta.dm': No such file or directory
03-23 12:36:35.632 20166 20166 W ziparchive: Unable to open '/data/app/~~lejXabVpEBxIIap-4Z3BxA==/com.hello.miheapp.secretspace- v2A_Pkbaiv9cppxO96cUTg==/split_config.ta.dm': No such file or directory
03-23 12:36:35.633 20166 20166 W .secretspace:p1: Entry not found
03-23 12:36:35.634 20166 20166 W ziparchive: Unable to open '/data/app/~~lejXabVpEBxIIap-4Z3BxA==/com.hello.miheapp.secretspace- v2A_Pkbaiv9cppxO96cUTg==/split_config.te.dm': No such file or directory
03-23 12:36:35.634 20166 20166 W ziparchive: Unable to open '/data/app/~~lejXabVpEBxIIap-4Z3BxA==/com.hello.miheapp.secretspace- v2A_Pkbaiv9cppxO96cUTg==/split_config.te.dm': No such file or directory
03-23 12:36:35.637 20166 20166 W .secretspace:p1: Entry not found
03-23 12:36:35.638 20166 20166 W ziparchive: Unable to open '/data/app/~~lejXabVpEBxIIap-4Z3BxA==/com.hello.miheapp.secretspace- v2A_Pkbaiv9cppxO96cUTg==/split_config.xhdpi.dm': No such file or directory
03-23 12:36:35.638 20166 20166 W ziparchive: Unable to open '/data/app/~~lejXabVpEBxIIap-4Z3BxA==/com.hello.miheapp.secretspace- v2A_Pkbaiv9cppxO96cUTg==/split_config.xhdpi.dm': No such file or directory
03-23 12:36:35.640 20166 20166 W .secretspace:p1: Entry not found
03-23 12:36:35.641 20166 20166 D nativeloader: Configuring clns-5 for other apk /data/app/~~lejXabVpEBxIIap-4Z3BxA==/com.hello.miheapp.secretspace- v2A_Pkbaiv9cppxO96cUTg==/base.apk:/data/app/~~lejXabVpEBxIIap-4Z3BxA==/ com.hello.miheapp.secretspace-v2A_Pkbaiv9cppxO96cUTg==/ split_config.arm64_v8a.apk:/data/app/~~lejXabVpEBxIIap-4Z3BxA==/ com.hello.miheapp.secretspace-v2A_Pkbaiv9cppxO96cUTg==/split_config.bn.apk:/data/ app/~~lejXabVpEBxIIap-4Z3BxA==/com.hello.miheapp.secretspace- v2A_Pkbaiv9cppxO96cUTg==/split_config.en.apk:/data/app/~~lejXabVpEBxIIap-4Z3BxA==/ com.hello.miheapp.secretspace-v2A_Pkbaiv9cppxO96cUTg==/split_config.gu.apk:/data/ app/~~lejXabVpEBxIIap-4Z3BxA==/com.hello.miheapp.secretspace- v2A_Pkbaiv9cppxO96cUTg==/split_config.hi.apk:/data/app/~~lejXabVpEBxIIap-4Z3BxA==/ com.hello.miheapp.secretspace-v2A_Pkbaiv9cppxO96cUTg==/split_config.kn.apk:/data/ app/~~lejXabVpEBxIIap-4Z3BxA==/com.hello.miheapp.secretspace- v2A_Pkbaiv9cppxO96cUTg==/split_config.mr.apk:/data/app/~~lejXabVpEBxIIap-4Z3BxA==/ com.hello.miheapp.secretspace-v2A_Pkbaiv9cppxO96cUTg==/split_
03-23 12:36:35.657 14254 14254 D GmsCheckinTrigger: Ignoring Intent { act=android.intent.action.BOOT_COMPLETED }: checkin is disabled
03-23 12:36:35.675 20166 20166 D nativeloader: Load libframework-connectivity- jni.so using APEX ns com_android_tethering for caller /apex/com.android.tethering/javalib/framework-connectivity.jar: ok
03-23 12:36:35.690 20166 20166 V GraphicsEnvironment: Currently set values for:
03-23 12:36:35.690 20166 20166 V GraphicsEnvironment: angle_gl_driver_selection_pkgs=[]
03-23 12:36:35.690 20166 20166 V GraphicsEnvironment: angle_gl_driver_selection_values=[]
03-23 12:36:35.691 20166 20166 V GraphicsEnvironment: ANGLE GameManagerService for com.hello.miheapp.secretspace: false
03-23 12:36:35.691 20166 20166 V GraphicsEnvironment: com.hello.miheapp.secretspace is not listed in per-application setting
03-23 12:36:35.691 20166 20166 V GraphicsEnvironment: Neither updatable production driver nor prerelease driver is supported.
03-23 12:36:35.696 20166 20166 I ForceDarkHelperStubImpl: initialize for com.hello.miheapp.secretspace , ForceDarkOrigin
03-23 12:36:35.700 20166 20166 D nativeloader: Load libforcedarkimpl.so using system ns (caller=/system_ext/framework/miui-framework.jar): ok
03-23 12:36:35.701 20166 20166 D OpenGLRenderer: JNI_OnLoad success
03-23 12:36:35.702 20166 20166 I MiuiForceDarkConfig: setConfig density:2.000000, mainRule:0, secondaryRule:0, tertiaryRule:0
03-23 12:36:35.744 20166 20166 D nativeloader: Load /data/app/~~lejXabVpEBxIIap- 4Z3BxA==/com.hello.miheapp.secretspace-v2A_Pkbaiv9cppxO96cUTg==/ split_config.arm64_v8a.apk!/lib/arm64-v8a/librepublic.so using ns clns-5 from class loader (caller=/data/app/~~lejXabVpEBxIIap-4Z3BxA==/com.hello.miheapp.secretspace- v2A_Pkbaiv9cppxO96cUTg==/base.apk): ok
03-23 12:36:36.508 20166 20166 W Glide : Failed to find GeneratedAppGlideModule. You should include an annotationProcessor compile dependency on com.github.bumptech.glide:compiler in your application and a @GlideModule annotated AppGlideModule implementation or LibraryGlideModules will be silently ignored
03-23 12:36:36.600 20166 20166 D CompatibilityChangeReporter: Compat change id reported: 183155436; UID 10281; state: ENABLED
03-23 12:36:36.625 20166 20166 D SessionsDependencies: Dependency to CRASHLYTICS added.
03-23 12:36:36.636 20166 20166 I FirebaseApp: Device unlocked: initializing all Firebase APIs for app [DEFAULT]
03-23 12:36:36.682 20166 20166 I FirebaseCrashlytics: Initializing Firebase Crashlytics 18.6.2 for com.hello.miheapp.secretspace
03-23 12:36:36.691 20166 20166 D CompatibilityChangeReporter: Compat change id reported: 247079863; UID 10281; state: ENABLED
03-23 12:36:36.828 20166 20166 D SessionsDependencies: Subscriber CRASHLYTICS registered.
03-23 12:36:36.966 14254 14269 D ChimeraServiceProvider: query: content://com.google.android.gms.chimera/api_force_staging/com.google.android.gms.m easurement.dynamite?requestStartTime=307039
03-23 12:36:37.008 20166 20348 W DynamiteModule: Failed to retrieve remote module version.
03-23 12:36:37.174 20166 20348 W .secretspace:p1: Suspending all threads took: 15.034ms
03-23 12:36:37.182 20166 20348 D nativeloader: Configuring clns-6 for other apk /system/framework/com.android.location.provider.jar. target_sdk_version=29, uses_libraries=ALL, library_path=/data/user/0/com.hello.miheapp.secretspace/sandbox/data/app/ com.google.android.gms/lib:/data/user/0/com.hello.miheapp.secretspace/sandbox/ data/app/com.google.android.gms/base.apk!/lib/arm64-v8a, permitted_path=/data:/mnt/expand:/data/user/0/com.hello.miheapp.secretspace/ sandbox/data/user/0/com.google.android.gms
03-23 12:36:37.183 20166 20348 D nativeloader: Extending system_exposed_libraries: libapuwareapusys.mtk.so:libapuwareapusys_v2.mtk.so:libapuwarexrp.mtk.so:libapuwarex rp_v2.mtk.so:libapuwareutils.mtk.so:libapuwareutils_v2.mtk.so:libapuwarehmp.mtk.so: libmcv_runtime_usdk.mtk.so:libneuron_graph_delegate.mtk.so:libneuronusdk_adapter.mt k.so:libtflite_mtk.mtk.so:libarmnn_ndk.mtk.so:libcmdl_ndk.mtk.so:libnir_neon_driver _ndk.mtk.so:libmvpu_runtime.mtk.so:libmvpu_runtime_pub.mtk.so:libmvpu_engine_pub.mt k.so:libmvpu_pattern_pub.mtk.so:libmvpuop_mtk_cv.mtk.so:libmvpuop_mtk_nn.mtk.so:lib mvpu_runtime_25.mtk.so:libmvpu_runtime_25_pub.mtk.so:libmvpu_engine_25_pub.mtk.so:l ibmvpu_pattern_25_pub.mtk.so:libmvpuop25_mtk_cv.mtk.so:libmvpuop25_mtk_nn.mtk.so:li bmvpu_config.mtk.so:libteeservice_client.trustonic.so:libmisys_jni.xiaomi.so
03-23 12:36:37.317 20166 20348 W .secretspace:p1: Suspending all threads took: 17.689ms
03-23 12:36:37.319 20166 20348 I .secretspace:p1: Failed to add image file: Failed to find OatDexFile for DexFile /data/app/~~lejXabVpEBxIIap-4Z3BxA==/com.hello.miheapp.secretspace- v2A_Pkbaiv9cppxO96cUTg==/base.apk (canonical path /data/app/~~lejXabVpEBxIIap- 4Z3BxA==/com.hello.miheapp.secretspace-v2A_Pkbaiv9cppxO96cUTg==/base.apk) in OatFile /data/user/0/com.hello.miheapp.secretspace/sandbox/data/app/com.google.android.gms/ oat/arm64/base.vdex
03-23 12:36:37.330 20166 20166 D FirebaseSessions: Initializing Firebase Sessions SDK.
03-23 12:36:37.340 20166 20166 I FirebaseApp: FirebaseApp initialization successful
03-23 12:36:37.352 20166 20348 D nativeloader: Configuring clns-7 for other apk /data/user/0/com.hello.miheapp.secretspace/sandbox/data/app/com.google.android.gms/ base.apk. target_sdk_version=29, uses_libraries=, library_path=/data/user/0/com.hello.miheapp.secretspace/sandbox/data/app/ com.google.android.gms/lib:/data/user/0/com.hello.miheapp.secretspace/sandbox/ data/app/com.google.android.gms/base.apk!/lib/arm64-v8a, permitted_path=/data:/mnt/expand:/data/user/0/com.hello.miheapp.secretspace/ sandbox/data/user/0/com.google.android.gms
03-23 12:36:37.352 20166 20348 D nativeloader: Extending system_exposed_libraries: libapuwareapusys.mtk.so:libapuwareapusys_v2.mtk.so:libapuwarexrp.mtk.so:libapuwarex rp_v2.mtk.so:libapuwareutils.mtk.so:libapuwareutils_v2.mtk.so:libapuwarehmp.mtk.so: libmcv_runtime_usdk.mtk.so:libneuron_graph_delegate.mtk.so:libneuronusdk_adapter.mt k.so:libtflite_mtk.mtk.so:libarmnn_ndk.mtk.so:libcmdl_ndk.mtk.so:libnir_neon_driver _ndk.mtk.so:libmvpu_runtime.mtk.so:libmvpu_runtime_pub.mtk.so:libmvpu_engine_pub.mt k.so:libmvpu_pattern_pub.mtk.so:libmvpuop_mtk_cv.mtk.so:libmvpuop_mtk_nn.mtk.so:lib mvpu_runtime_25.mtk.so:libmvpu_runtime_25_pub.mtk.so:libmvpu_engine_25_pub.mtk.so:l ibmvpu_pattern_25_pub.mtk.so:libmvpuop25_mtk_cv.mtk.so:libmvpuop25_mtk_nn.mtk.so:li bmvpu_config.mtk.so:libteeservice_client.trustonic.so:libmisys_jni.xiaomi.so
03-23 12:36:37.375 20166 20348 W DynamiteModule: IDynamite loader version = 2, no high precision latency measurement.
03-23 12:36:37.379 20166 20348 I DynamiteModule: Considering local module com.google.android.gms.measurement.dynamite:100 and remote module com.google.android.gms.measurement.dynamite:98
03-23 12:36:37.379 20166 20348 I DynamiteModule: Selected local version of com.google.android.gms.measurement.dynamite
03-23 12:36:37.420 20166 20348 W DynamiteModule: IDynamite loader version = 2, no high precision latency measurement.
03-23 12:36:37.588 20166 20418 D SessionConfigFetcher: Fetching settings from server.
03-23 12:36:37.646 20166 20166 D nativeloader: Load /data/app/~~lejXabVpEBxIIap- 4Z3BxA==/com.hello.miheapp.secretspace-v2A_Pkbaiv9cppxO96cUTg==/ split_config.arm64_v8a.apk!/lib/arm64-v8a/libsandbox.so using ns clns-5 from class loader (caller=/data/app/~~lejXabVpEBxIIap-4Z3BxA==/com.hello.miheapp.secretspace- v2A_Pkbaiv9cppxO96cUTg==/base.apk): ok
03-23 12:36:37.721 20166 20166 D NativeCore: NativeCore init.
03-23 12:36:37.722 20166 20166 D NativeCore: found art method entrypoint jni offset: 2
03-23 12:36:37.722 20166 20166 D NativeCore: not found art method match access flags offset , use default: 4
03-23 12:36:38.031 20166 20417 I FA : App measurement initialized, version: 84002
03-23 12:36:38.032 20166 20417 I FA : To enable debug logging run: adb shell setprop log.tag.FA VERBOSE
03-23 12:36:38.033 20166 20417 I FA : To enable faster debug mode event logging run:
03-23 12:36:38.033 20166 20417 I FA : adb shell setprop debug.firebase.analytics.app com.hello.miheapp.secretspace
03-23 12:36:38.079 20166 20417 D CompatibilityChangeReporter: Compat change id reported: 183155436; UID 10281; state: ENABLED
03-23 12:36:38.332 20166 20417 W FA : Table has extra columns. table, columns: messages, app_version, app_version_int
03-23 12:36:38.601 20166 20166 E NativeCore: not native method
03-23 12:36:38.607 20166 20166 E NativeCore: check flags error. class:java/io/UnixFileSystem, method:canonicalize0
03-23 12:36:38.607 20166 20166 D NativeCore: register class:java/io/UnixFileSystem, method:getBooleanAttributes0 success!
03-23 12:36:38.617 20166 20166 D NativeCore: register class:java/io/UnixFileSystem, method:getLastModifiedTime0 success!
03-23 12:36:38.617 20166 20166 D NativeCore: register class:java/io/UnixFileSystem, method:setPermission0 success!
03-23 12:36:38.617 20166 20166 D NativeCore: register class:java/io/UnixFileSystem, method:createFileExclusively0 success!
03-23 12:36:38.618 20166 20166 D NativeCore: register class:java/io/UnixFileSystem, method:list0 success!
03-23 12:36:38.618 20166 20166 D NativeCore: register class:java/io/UnixFileSystem, method:createDirectory0 success!
03-23 12:36:38.618 20166 20166 D NativeCore: register class:java/io/UnixFileSystem, method:setLastModifiedTime0 success!
03-23 12:36:38.618 20166 20166 D NativeCore: register class:java/io/UnixFileSystem, method:setReadOnly0 success!
03-23 12:36:38.618 20166 20166 D NativeCore: register class:java/io/UnixFileSystem, method:getSpace0 success!
03-23 12:36:38.619 20166 20166 D NativeCore: register class:java/lang/VMClassLoader, method:findLoadedClass success!
03-23 12:36:38.619 20166 20166 D NativeCore: register class:android/os/Binder, method:getCallingUid success!
03-23 12:36:38.619 20166 20166 D NativeCore: register class:dalvik/system/VMRuntime, method:setHiddenApiExemptions success!
03-23 12:36:38.619 20166 20166 D NativeCore: register class:dalvik/system/DexFile, method:openDexFileNative success!
03-23 12:36:38.750 20166 20166 I MultiDex: VM with version 2.1.0 has multidex support
03-23 12:36:38.750 20166 20166 I MultiDex: Installing application
03-23 12:36:38.750 20166 20166 I MultiDex: VM has multidex support, MultiDex support library is disabled.
03-23 12:36:38.797 20166 20166 D CompatibilityChangeReporter: Compat change id reported: 183155436; UID 10001; state: ENABLED
03-23 12:36:38.811 13545 13545 W BpBinder: Slow Binder: BpBinder transact took 2300 ms, interface=com.hello.sandbox.core.IBActivityThread, code=9 oneway=false
03-23 12:36:38.837 14254 14254 D WM-RescheduleReceiver: Received intent Intent { act=android.intent.action.BOOT_COMPLETED }
03-23 12:36:38.841 14254 14254 E WM-RescheduleReceiver: Cannot reschedule jobs. WorkManager needs to be initialized via a ContentProvider#onCreate() or an Application#onCreate().
03-23 12:36:38.841 14254 14254 E WM-RescheduleReceiver: java.lang.IllegalStateException: WorkManager is not initialized properly. You have explicitly disabled WorkManagerInitializer in your manifest, have not manually called WorkManager#initialize at this point, and your Application does not implement Configuration.Provider.
03-23 12:36:38.841 14254 14254 E WM-RescheduleReceiver: at i1.j.j(SourceFile:1)
03-23 12:36:38.841 14254 14254 E WM-RescheduleReceiver: at androidx.work.impl.background.systemalarm.RescheduleReceiver.onReceive(Unknown Source:29)
03-23 12:36:38.841 14254 14254 E WM-RescheduleReceiver: at com.hello.sandbox.app.BActivityThread.lambda$scheduleReceiver$4(BActivityThread.jav a:9)
03-23 12:36:38.841 14254 14254 E WM-RescheduleReceiver: at com.hello.sandbox.app.BActivityThread.N1(Unknown Source:0)
03-23 12:36:38.841 14254 14254 E WM-RescheduleReceiver: at com.appsflyer.internal.o.run(Unknown Source:14)
03-23 12:36:38.841 14254 14254 E WM-RescheduleReceiver: at android.os.Handler.handleCallback(Handler.java:958)
03-23 12:36:38.841 14254 14254 E WM-RescheduleReceiver: at android.os.Handler.dispatchMessage(Handler.java:99)
03-23 12:36:38.841 14254 14254 E WM-RescheduleReceiver: at android.os.Looper.loopOnce(Looper.java:222)
03-23 12:36:38.841 14254 14254 E WM-RescheduleReceiver: at android.os.Looper.loop(Looper.java:314)
03-23 12:36:38.841 14254 14254 E WM-RescheduleReceiver: at android.app.ActivityThread.main(ActivityThread.java:8716)
03-23 12:36:38.841 14254 14254 E WM-RescheduleReceiver: at java.lang.reflect.Method.invoke(Native Method)
03-23 12:36:38.841 14254 14254 E WM-RescheduleReceiver: at com.android.internal.os.RuntimeInit$MethodAndArgsCaller.run(RuntimeInit.java:565)
03-23 12:36:38.841 14254 14254 E WM-RescheduleReceiver: at com.android.internal.os.ZygoteInit.main(ZygoteInit.java:1081)
03-23 12:36:38.873 14254 14254 D GmsCheckinTrigger: Ignoring Intent { act=android.intent.action.BOOT_COMPLETED }: checkin is disabled
03-23 12:36:38.880 14254 14254 D WM-RescheduleReceiver: Received intent Intent { act=android.intent.action.BOOT_COMPLETED }
03-23 12:36:38.881 14254 14254 E WM-RescheduleReceiver: Cannot reschedule jobs. WorkManager needs to be initialized via a ContentProvider#onCreate() or an Application#onCreate().
03-23 12:36:38.881 14254 14254 E WM-RescheduleReceiver: java.lang.IllegalStateException: WorkManager is not initialized properly. You have explicitly disabled WorkManagerInitializer in your manifest, have not manually called WorkManager#initialize at this point, and your Application does not implement Configuration.Provider.
03-23 12:36:38.881 14254 14254 E WM-RescheduleReceiver: at i1.j.j(SourceFile:1)
03-23 12:36:38.881 14254 14254 E WM-RescheduleReceiver: at androidx.work.impl.background.systemalarm.RescheduleReceiver.onReceive(Unknown Source:29)
03-23 12:36:38.881 14254 14254 E WM-RescheduleReceiver: at com.hello.sandbox.app.BActivityThread.lambda$scheduleReceiver$4(BActivityThread.jav a:9)
03-23 12:36:38.881 14254 14254 E WM-RescheduleReceiver: at com.hello.sandbox.app.BActivityThread.N1(Unknown Source:0)
03-23 12:36:38.881 14254 14254 E WM-RescheduleReceiver: at com.appsflyer.internal.o.run(Unknown Source:14)
03-23 12:36:38.881 14254 14254 E WM-RescheduleReceiver: at android.os.Handler.handleCallback(Handler.java:958)
03-23 12:36:38.881 14254 14254 E WM-RescheduleReceiver: at android.os.Handler.dispatchMessage(Handler.java:99)
03-23 12:36:38.881 14254 14254 E WM-RescheduleReceiver: at android.os.Looper.loopOnce(Looper.java:222)
03-23 12:36:38.881 14254 14254 E WM-RescheduleReceiver: at android.os.Looper.loop(Looper.java:314)
03-23 12:36:38.881 14254 14254 E WM-RescheduleReceiver: at android.app.ActivityThread.main(ActivityThread.java:8716)
03-23 12:36:38.881 14254 14254 E WM-RescheduleReceiver: at java.lang.reflect.Method.invoke(Native Method)
03-23 12:36:38.881 14254 14254 E WM-RescheduleReceiver: at com.android.internal.os.RuntimeInit$MethodAndArgsCaller.run(RuntimeInit.java:565)
03-23 12:36:38.881 14254 14254 E WM-RescheduleReceiver: at com.android.internal.os.ZygoteInit.main(ZygoteInit.java:1081)
03-23 12:36:38.922 14254 14254 D GmsCheckinTrigger: Ignoring Intent { act=android.intent.action.BOOT_COMPLETED }: checkin is disabled
03-23 12:36:38.925 20166 20166 D GmsGcmTrigger: Ignoring Intent { act=android.intent.action.BOOT_COMPLETED }: gcm is disabled
03-23 12:36:38.945 20166 20166 D ExposureNotification: ServiceTrigger: Intent { act=android.intent.action.BOOT_COMPLETED }
03-23 12:36:38.945 14254 14254 D WM-RescheduleReceiver: Received intent Intent { act=android.intent.action.BOOT_COMPLETED }
03-23 12:36:38.948 14254 14254 E WM-RescheduleReceiver: Cannot reschedule jobs. WorkManager needs to be initialized via a ContentProvider#onCreate() or an Application#onCreate().
03-23 12:36:38.948 14254 14254 E WM-RescheduleReceiver: java.lang.IllegalStateException: WorkManager is not initialized properly. You have explicitly disabled WorkManagerInitializer in your manifest, have not manually called WorkManager#initialize at this point, and your Application does not implement Configuration.Provider.
03-23 12:36:38.948 14254 14254 E WM-RescheduleReceiver: at i1.j.j(SourceFile:1)
03-23 12:36:38.948 14254 14254 E WM-RescheduleReceiver: at androidx.work.impl.background.systemalarm.RescheduleReceiver.onReceive(Unknown Source:29)
03-23 12:36:38.948 14254 14254 E WM-RescheduleReceiver: at com.hello.sandbox.app.BActivityThread.lambda$scheduleReceiver$4(BActivityThread.jav a:9)
03-23 12:36:38.948 14254 14254 E WM-RescheduleReceiver: at com.hello.sandbox.app.BActivityThread.N1(Unknown Source:0)
03-23 12:36:38.948 14254 14254 E WM-RescheduleReceiver: at com.appsflyer.internal.o.run(Unknown Source:14)
03-23 12:36:38.948 14254 14254 E WM-RescheduleReceiver: at android.os.Handler.handleCallback(Handler.java:958)
03-23 12:36:38.948 14254 14254 E WM-RescheduleReceiver: at android.os.Handler.dispatchMessage(Handler.java:99)
03-23 12:36:38.948 14254 14254 E WM-RescheduleReceiver: at android.os.Looper.loopOnce(Looper.java:222)
03-23 12:36:38.948 14254 14254 E WM-RescheduleReceiver: at android.os.Looper.loop(Looper.java:314)
03-23 12:36:38.948 14254 14254 E WM-RescheduleReceiver: at android.app.ActivityThread.main(ActivityThread.java:8716)
03-23 12:36:38.948 14254 14254 E WM-RescheduleReceiver: at java.lang.reflect.Method.invoke(Native Method)
03-23 12:36:38.948 14254 14254 E WM-RescheduleReceiver: at com.android.internal.os.RuntimeInit$MethodAndArgsCaller.run(RuntimeInit.java:565)
03-23 12:36:38.948 14254 14254 E WM-RescheduleReceiver: at com.android.internal.os.ZygoteInit.main(ZygoteInit.java:1081)
03-23 12:36:39.019 14254 14254 D GmsCheckinTrigger: Ignoring Intent { act=android.intent.action.BOOT_COMPLETED }: checkin is disabled
03-23 12:36:39.022 20166 20166 D ExposureNotification: Trigger class org.microg.gms.nearby.exposurenotification.CleanupService
03-23 12:36:39.047 14254 14254 D WM-RescheduleReceiver: Received intent Intent { act=android.intent.action.BOOT_COMPLETED }
03-23 12:36:39.048 14254 14254 E WM-RescheduleReceiver: Cannot reschedule jobs. WorkManager needs to be initialized via a ContentProvider#onCreate() or an Application#onCreate().
03-23 12:36:39.048 14254 14254 E WM-RescheduleReceiver: java.lang.IllegalStateException: WorkManager is not initialized properly. You have explicitly disabled WorkManagerInitializer in your manifest, have not manually called WorkManager#initialize at this point, and your Application does not implement Configuration.Provider.
03-23 12:36:39.048 14254 14254 E WM-RescheduleReceiver: at i1.j.j(SourceFile:1)
