The document contains log entries from an application initialization process, indicating successful FirebaseApp initialization and WorkManager setup. It also includes warnings about missing configurations for AutoLogAppEventsEnabled and AdvertiserIDCollectionEnabled, as well as errors related to missing resource IDs and files. Additionally, there are details about compatibility changes and library loading processes within the application.
The document contains log entries from an application initialization process, indicating successful FirebaseApp initialization and WorkManager setup. It also includes warnings about missing configurations for AutoLogAppEventsEnabled and AdvertiserIDCollectionEnabled, as well as errors related to missing resource IDs and files. Additionally, there are details about compatibility changes and library loading processes within the application.
The document contains log entries from an application initialization process, indicating successful FirebaseApp initialization and WorkManager setup. It also includes warnings about missing configurations for AutoLogAppEventsEnabled and AdvertiserIDCollectionEnabled, as well as errors related to missing resource IDs and files. Additionally, there are details about compatibility changes and library loading processes within the application.
The document contains log entries from an application initialization process, indicating successful FirebaseApp initialization and WorkManager setup. It also includes warnings about missing configurations for AutoLogAppEventsEnabled and AdvertiserIDCollectionEnabled, as well as errors related to missing resource IDs and files. Additionally, there are details about compatibility changes and library loading processes within the application.
Download as TXT, PDF, TXT or read online from Scribd
Download as txt, pdf, or txt
You are on page 1/ 25
--------- beginning of main
02-17 20:20:26.043 6950 6950 I FirebaseInitProvider: FirebaseApp initialization
successful
02-17 20:20:26.080 6950 6950 D WM-WrkMgrInitializer: Initializing WorkManager with default configuration.
02-17 20:20:26.083 6950 6950 D WM-PackageManagerHelper: Skipping component enablement for androidx.work.impl.background.systemjob.SystemJobService
02-17 20:20:26.083 6950 6950 D WM-Schedulers: Created SystemJobScheduler and enabled SystemJobService
02-17 20:20:26.100 6950 7108 D nativeloader: Configuring clns-7 for other apk /system/framework/com.android.media.remotedisplay.jar. target_sdk_version=34, uses_libraries=ALL, library_path=/data/app/~~kiXeBkf_jFHTx4mNZjhGvg==/com.google.android.gms- Ko1ohRoLCuT0VZAJErByVw==/lib/arm64:/data/app/~~kiXeBkf_jFHTx4mNZjhGvg==/ com.google.android.gms-Ko1ohRoLCuT0VZAJErByVw==/base.apk!/lib/arm64-v8a, permitted_path=/data:/mnt/expand:/data/user/0/com.google.android.gms
02-17 20:20:26.131 6950 7108 D nativeloader: Configuring clns-8 for other apk /system/framework/com.android.location.provider.jar. target_sdk_version=34, uses_libraries=ALL, library_path=/data/app/~~kiXeBkf_jFHTx4mNZjhGvg==/com.google.android.gms- Ko1ohRoLCuT0VZAJErByVw==/lib/arm64:/data/app/~~kiXeBkf_jFHTx4mNZjhGvg==/ com.google.android.gms-Ko1ohRoLCuT0VZAJErByVw==/base.apk!/lib/arm64-v8a, permitted_path=/data:/mnt/expand:/data/user/0/com.google.android.gms
02-17 20:20:26.192 6950 6950 W i4.z : Please set a value for AutoLogAppEventsEnabled. Set the flag to TRUE if you want to collect app install, app launch and in-app purchase events automatically. To request user consent before collecting data, set the flag value to FALSE, then change to TRUE once user consent is received. Learn more: https://developers.facebook.com/docs/app-events/getting- started-app-events-android#disable-auto-events.
02-17 20:20:26.192 6950 6950 W i4.z : You haven't set a value for AdvertiserIDCollectionEnabled. Set the flag to TRUE if you want to collect Advertiser ID for better advertising and analytics results. To request user consent before collecting data, set the flag value to FALSE, then change to TRUE once user consent is received. Learn more: https://developers.facebook.com/docs/app-events/getting-started-app-events- android#disable-auto-events.
02-17 20:20:26.196 6950 7120 D CompatibilityChangeReporter: Compat change id reported: 160794467; UID 10254; state: ENABLED
02-17 20:20:26.228 6950 7078 E app.secretspace: No package ID 76 found for resource ID 0x760b000f.
02-17 20:20:26.232 6950 7078 E app.secretspace: No package ID 76 found for resource ID 0x760b000f.
02-17 20:20:26.316 6950 7108 D nativeloader: Configuring clns-9 for other apk /data/app/~~kiXeBkf_jFHTx4mNZjhGvg==/com.google.android.gms- Ko1ohRoLCuT0VZAJErByVw==/base.apk. target_sdk_version=34, uses_libraries=, library_path=/data/app/~~kiXeBkf_jFHTx4mNZjhGvg==/com.google.android.gms- Ko1ohRoLCuT0VZAJErByVw==/lib/arm64:/data/app/~~kiXeBkf_jFHTx4mNZjhGvg==/ com.google.android.gms-Ko1ohRoLCuT0VZAJErByVw==/base.apk!/lib/arm64-v8a, permitted_path=/data:/mnt/expand:/data/user/0/com.google.android.gms
02-17 20:20:26.347 7161 7161 W logcat : type=1400 audit(0.0:162): avc: denied { ioctl } for path="/storage/emulated/0/Download/com.hello.miheapp.secretspace_logcat.txt" dev="fuse" ino=400328 ioctlcmd=0xf50d scontext=u:r:untrusted_app:s0:c254,c256,c512,c768 tcontext=u:object_r:fuse:s0 tclass=file permissive=0 app=com.hello.miheapp.secretspace
02-17 20:20:26.367 6950 7078 I FA : App measurement initialized, version: 116010
02-17 20:20:26.367 6950 7078 I FA : To enable debug logging run: adb shell setprop log.tag.FA VERBOSE
02-17 20:20:26.367 6950 7078 I FA : To enable faster debug mode event logging run:
02-17 20:20:26.367 6950 7078 I FA : adb shell setprop debug.firebase.analytics.app com.hello.miheapp.secretspace
02-17 20:20:26.385 6950 6950 W CheckTime: App running slow: Executing handleBindApplication : installContentProviders took 777ms
02-17 20:20:26.386 6950 6950 W Glide : Failed to find GeneratedAppGlideModule. You should include an annotationProcessor compile dependency on com.github.bumptech.glide:compiler in your application and a @GlideModule annotated AppGlideModule implementation or LibraryGlideModules will be silently ignored
02-17 20:20:26.443 6950 7108 I DynamiteModule: Considering local module com.google.android.gms.ads.dynamite:0 and remote module com.google.android.gms.ads.dynamite:244410203
02-17 20:20:26.443 6950 7108 I DynamiteModule: Selected remote version of com.google.android.gms.ads.dynamite, version >= 244410203
02-17 20:20:26.443 6950 7108 V DynamiteModule: Dynamite loader version >= 2, using loadModule2NoCrashUtils
02-17 20:20:26.447 6950 7108 W ziparchive: Unable to open '/data/user_de/0/com.google.android.gms/app_chimera/m/0000015a/AdsDynamite.uncompre ssed.dm': No such file or directory
02-17 20:20:26.447 6950 7108 W ziparchive: Unable to open '/data/user_de/0/com.google.android.gms/app_chimera/m/0000015a/AdsDynamite.uncompre ssed.dm': No such file or directory
02-17 20:20:26.475 7197 7197 I libc : SetHeapTaggingLevel: tag level set to 0
02-17 20:20:26.487 7197 7197 I cretspace:black: Using CollectorTypeCMC GC.
02-17 20:20:26.492 7197 7197 E cretspace:black: Not starting debugger since process cannot load the jdwp agent.
02-17 20:20:26.495 7197 7197 D nativeloader: Load libframework-connectivity- tiramisu-jni.so using APEX ns com_android_tethering for caller /apex/com.android.tethering/javalib/framework-connectivity-t.jar: ok
02-17 20:20:26.546 7197 7197 D CompatibilityChangeReporter: Compat change id reported: 171979766; UID 10254; state: ENABLED
02-17 20:20:26.547 7197 7197 D CompatibilityChangeReporter: Compat change id reported: 242716250; UID 10254; state: ENABLED
02-17 20:20:26.572 7197 7197 D ApplicationLoaders: Returning zygote-cached class loader: /system/framework/android.test.base.jar
02-17 20:20:26.582 7197 7197 D nativeloader: Configuring clns-4 for other apk /system/framework/org.apache.http.legacy.jar. target_sdk_version=34, uses_libraries=ALL, library_path=/data/app/~~710swQFqqIkO-rMiAyMMcA==/com.hello.miheapp.secretspace- KvjLiCYx5gK8pe5WIDHE-Q==/lib/arm64:/data/app/~~710swQFqqIkO-rMiAyMMcA==/ com.hello.miheapp.secretspace-KvjLiCYx5gK8pe5WIDHE-Q==/base.apk!/lib/arm64-v8a:/ data/app/~~710swQFqqIkO-rMiAyMMcA==/com.hello.miheapp.secretspace- KvjLiCYx5gK8pe5WIDHE-Q==/split_config.arm64_v8a.apk!/lib/arm64-v8a:/data/app/ ~~710swQFqqIkO-rMiAyMMcA==/com.hello.miheapp.secretspace-KvjLiCYx5gK8pe5WIDHE-Q==/ split_config.en.apk!/lib/arm64-v8a:/data/app/~~710swQFqqIkO-rMiAyMMcA==/ com.hello.miheapp.secretspace-KvjLiCYx5gK8pe5WIDHE-Q==/split_config.hdpi.apk!/lib/ arm64-v8a, permitted_path=/data:/mnt/expand:/data/user/0/com.hello.miheapp.secretspace
02-17 20:20:26.663 7197 7197 W ziparchive: Unable to open '/data/app/~~710swQFqqIkO-rMiAyMMcA==/com.hello.miheapp.secretspace- KvjLiCYx5gK8pe5WIDHE-Q==/split_config.arm64_v8a.dm': No such file or directory
02-17 20:20:26.663 7197 7197 W ziparchive: Unable to open '/data/app/~~710swQFqqIkO-rMiAyMMcA==/com.hello.miheapp.secretspace- KvjLiCYx5gK8pe5WIDHE-Q==/split_config.arm64_v8a.dm': No such file or directory
02-17 20:20:26.664 7197 7197 W cretspace:black: Entry not found
02-17 20:20:26.665 7197 7197 W ziparchive: Unable to open '/data/app/~~710swQFqqIkO-rMiAyMMcA==/com.hello.miheapp.secretspace- KvjLiCYx5gK8pe5WIDHE-Q==/split_config.en.dm': No such file or directory
02-17 20:20:26.665 7197 7197 W ziparchive: Unable to open '/data/app/~~710swQFqqIkO-rMiAyMMcA==/com.hello.miheapp.secretspace- KvjLiCYx5gK8pe5WIDHE-Q==/split_config.en.dm': No such file or directory
02-17 20:20:26.665 7197 7197 W cretspace:black: Entry not found
02-17 20:20:26.666 7197 7197 W ziparchive: Unable to open '/data/app/~~710swQFqqIkO-rMiAyMMcA==/com.hello.miheapp.secretspace- KvjLiCYx5gK8pe5WIDHE-Q==/split_config.hdpi.dm': No such file or directory
02-17 20:20:26.666 7197 7197 W ziparchive: Unable to open '/data/app/~~710swQFqqIkO-rMiAyMMcA==/com.hello.miheapp.secretspace- KvjLiCYx5gK8pe5WIDHE-Q==/split_config.hdpi.dm': No such file or directory
02-17 20:20:26.667 7197 7197 W cretspace:black: Entry not found
02-17 20:20:26.668 7197 7197 D nativeloader: Configuring clns-5 for other apk /data/app/~~710swQFqqIkO-rMiAyMMcA==/com.hello.miheapp.secretspace- KvjLiCYx5gK8pe5WIDHE-Q==/base.apk:/data/app/~~710swQFqqIkO-rMiAyMMcA==/ com.hello.miheapp.secretspace-KvjLiCYx5gK8pe5WIDHE-Q==/ split_config.arm64_v8a.apk:/data/app/~~710swQFqqIkO-rMiAyMMcA==/ com.hello.miheapp.secretspace-KvjLiCYx5gK8pe5WIDHE-Q==/split_config.en.apk:/data/ app/~~710swQFqqIkO-rMiAyMMcA==/com.hello.miheapp.secretspace-KvjLiCYx5gK8pe5WIDHE- Q==/split_config.hdpi.apk. target_sdk_version=34, uses_libraries=, library_path=/data/app/~~710swQFqqIkO-rMiAyMMcA==/com.hello.miheapp.secretspace- KvjLiCYx5gK8pe5WIDHE-Q==/lib/arm64:/data/app/~~710swQFqqIkO-rMiAyMMcA==/ com.hello.miheapp.secretspace-KvjLiCYx5gK8pe5WIDHE-Q==/base.apk!/lib/arm64-v8a:/ data/app/~~710swQFqqIkO-rMiAyMMcA==/com.hello.miheapp.secretspace- KvjLiCYx5gK8pe5WIDHE-Q==/split_config.arm64_v8a.apk!/lib/arm64-v8a:/data/app/ ~~710swQFqqIkO-rMiAyMMcA==/com.hello.miheapp.secretspace-KvjLiCYx5gK8pe5WIDHE-Q==/ split_config.en.apk!/lib/arm64-v8a:/data/app/~
02-17 20:20:26.777 7197 7197 D nativeloader: Load libframework-connectivity- jni.so using APEX ns com_android_tethering for caller /apex/com.android.tethering/javalib/framework-connectivity.jar: ok
02-17 20:20:26.797 7197 7197 V GraphicsEnvironment: Currently set values for:
02-17 20:20:26.797 7197 7197 V GraphicsEnvironment: angle_gl_driver_selection_pkgs=[]
02-17 20:20:26.797 7197 7197 V GraphicsEnvironment: angle_gl_driver_selection_values=[]
02-17 20:20:26.799 7197 7197 V GraphicsEnvironment: ANGLE GameManagerService for com.hello.miheapp.secretspace: false
02-17 20:20:26.799 7197 7197 V GraphicsEnvironment: com.hello.miheapp.secretspace is not listed in per-application setting
02-17 20:20:26.799 7197 7197 V GraphicsEnvironment: Neither updatable production driver nor prerelease driver is supported.
02-17 20:20:26.825 7197 7197 D nativeloader: Load /data/app/~~710swQFqqIkO- rMiAyMMcA==/com.hello.miheapp.secretspace-KvjLiCYx5gK8pe5WIDHE-Q==/ split_config.arm64_v8a.apk!/lib/arm64-v8a/librepublic.so using ns clns-5 from class loader (caller=/data/app/~~710swQFqqIkO-rMiAyMMcA==/com.hello.miheapp.secretspace- KvjLiCYx5gK8pe5WIDHE-Q==/base.apk): ok
02-17 20:20:27.223 6950 7032 D SessionConfigFetcher: Fetched settings: {"settings_version":3,"cache_duration":158163,"features": {"collect_logged_exceptions":true,"collect_reports":true,"collect_analytics":false, "prompt_enabled":false,"push_enabled":false,"firebase_crashlytics_enabled":false,"c ollect_anrs":true,"collect_metric_kit":false,"collect_build_ids":true},"app": {"status":"activated","update_required":false,"report_upload_variant":2,"native_rep ort_upload_variant":2},"fabric": {"org_id":"65f00c8a567bf1f0daf09834","bundle_id":"com.hello.miheapp.secretspace"}," on_demand_upload_rate_per_minute":10,"on_demand_backoff_base":1.2,"on_demand_backof f_step_duration_seconds":60,"app_quality": {"sessions_enabled":true,"sampling_rate":1,"session_timeout_seconds":1800},"on_dema nd_thread_recording_suspension_enabled":true}
02-17 20:20:27.397 6950 7065 I FirebaseCrashlytics: No version control information found
02-17 20:20:27.529 6950 7056 D LifecycleServiceBinder: Binding service to application.
02-17 20:20:27.580 7197 7197 W CheckTime: App running slow: Executing handleBindApplication : makeApplication took 778ms --------- beginning of system
02-17 20:20:29.202 7197 7714 D ActivityThread: Loading provider com.hello.miheapp.secretspace.blackbox.SystemCallProvider: com.hello.sandbox.core.system.SystemCallProvider
02-17 20:20:29.265 7197 7197 W CheckTime: App running slow: Executing ContentProviderInfo{name=com.hello.miheapp.secretspace.blackbox.SystemCallProvider className=com.hello.sandbox.core.system.SystemCallProvider} onCreate took 1684ms
02-17 20:20:29.268 7197 7197 W CheckTime: App running slow: Executing handleBindApplication : installContentProviders took 1688ms
02-17 20:20:29.270 7197 7197 W Glide : Failed to find GeneratedAppGlideModule. You should include an annotationProcessor compile dependency on com.github.bumptech.glide:compiler in your application and a @GlideModule annotated AppGlideModule implementation or LibraryGlideModules will be silently ignored
02-17 20:20:29.282 7197 7197 D CompatibilityChangeReporter: Compat change id reported: 183155436; UID 10254; state: ENABLED
02-17 20:20:29.296 7197 7197 D SessionsDependencies: Dependency to CRASHLYTICS added.
02-17 20:20:29.297 7197 7197 I FirebaseApp: Device unlocked: initializing all Firebase APIs for app [DEFAULT]
02-17 20:20:29.299 7197 7197 I FirebaseCrashlytics: Initializing Firebase Crashlytics 18.6.2 for com.hello.miheapp.secretspace
02-17 20:20:29.299 7197 7197 D CompatibilityChangeReporter: Compat change id reported: 247079863; UID 10254; state: ENABLED
02-17 20:20:29.377 7197 7197 D SessionsDependencies: Subscriber CRASHLYTICS registered.
02-17 20:20:29.416 7197 7756 W cretspace:black: ClassLoaderContext classpath size mismatch. expected=1, found=0 (DLC[];PCL[base.apk*2991005092]{PCL[/system/framework/org.apache.http.legacy.jar*32 84119653]#PCL[/system/framework/ com.android.media.remotedisplay.jar*2114713712]#PCL[/system/framework/ com.android.location.provider.jar*3994156537]#PCL[/system/framework/ org.apache.http.legacy.jar*3284119653]} | DLC[];PCL[])
02-17 20:20:29.419 7197 7756 I DynamiteModule: Considering local module com.google.android.gms.measurement.dynamite:100 and remote module com.google.android.gms.measurement.dynamite:138
02-17 20:20:29.419 7197 7756 I DynamiteModule: Selected remote version of com.google.android.gms.measurement.dynamite, version >= 138
02-17 20:20:29.419 7197 7756 V DynamiteModule: Dynamite loader version >= 2, using loadModule2NoCrashUtils
02-17 20:20:29.455 7197 7756 W System : ClassLoader referenced unknown path:
02-17 20:20:29.456 7197 7756 D nativeloader: Configuring clns-6 for other apk . target_sdk_version=34, uses_libraries=, library_path=/data/app/~~kiXeBkf_jFHTx4mNZjhGvg==/com.google.android.gms- Ko1ohRoLCuT0VZAJErByVw==/lib/arm64:/data/app/~~kiXeBkf_jFHTx4mNZjhGvg==/ com.google.android.gms-Ko1ohRoLCuT0VZAJErByVw==/base.apk!/lib/arm64-v8a, permitted_path=/data:/mnt/expand:/data/user/0/com.google.android.gms
02-17 20:20:29.482 7197 7756 W cretspace:black: ClassLoaderContext classpath element checksum mismatch. expected=2991005092, found=1191297475 (DLC[];PCL[base.apk*2991005092]{PCL[/system/framework/org.apache.http.legacy.jar*32 84119653]#PCL[/system/framework/ com.android.media.remotedisplay.jar*2114713712]#PCL[/system/framework/ com.android.location.provider.jar*3994156537]#PCL[/system/framework/ org.apache.http.legacy.jar*3284119653]} | DLC[];PCL[/data/app/~~710swQFqqIkO- rMiAyMMcA==/com.hello.miheapp.secretspace-KvjLiCYx5gK8pe5WIDHE-Q==/ base.apk*1191297475]{PCL[/system/framework/android.test.base.jar*836642757]#PCL[/ system/framework/org.apache.http.legacy.jar*3284119653]})
02-17 20:20:29.488 6950 6950 I DynamiteModule: Considering local module com.google.android.gms.ads.dynamite:0 and remote module com.google.android.gms.ads.dynamite:244410203
02-17 20:20:29.489 6950 6950 I DynamiteModule: Selected remote version of com.google.android.gms.ads.dynamite, version >= 244410203
02-17 20:20:29.511 6950 6950 D DynamitePackage: Instantiated singleton DynamitePackage.
02-17 20:20:29.511 6950 6950 D DynamitePackage: Instantiating com.google.android.gms.ads.ChimeraMobileAdsSettingManagerCreatorImpl
02-17 20:20:29.656 7197 7197 D FirebaseSessions: Initializing Firebase Sessions SDK.
02-17 20:20:29.659 7197 7197 I FirebaseApp: FirebaseApp initialization successful
02-17 20:20:29.659 7197 7197 W CheckTime: App running slow: Executing handleBindApplication : callApplicationOnCreate took 391ms
02-17 20:20:29.685 7197 7832 D SessionConfigFetcher: Fetching settings from server.
02-17 20:20:30.175 7197 7860 E cretspace:black: No package ID 76 found for resource ID 0x760b000f.
02-17 20:20:30.177 7197 7860 E cretspace:black: No package ID 76 found for resource ID 0x760b000f.
02-17 20:20:30.180 7197 7860 I FA : App measurement initialized, version: 116010
02-17 20:20:30.181 7197 7860 I FA : To enable debug logging run: adb shell setprop log.tag.FA VERBOSE
02-17 20:20:30.181 7197 7860 I FA : To enable faster debug mode event logging run:
02-17 20:20:30.181 7197 7860 I FA : adb shell setprop debug.firebase.analytics.app com.hello.miheapp.secretspace
02-17 20:20:30.211 7197 7968 E adservices: Failed to bindService: Intent { act=android.adservices.MEASUREMENT_SERVICE cmp=com.google.android.adservices.api/com.android.adservices.measurement.Measuremen tService }
02-17 20:20:30.211 7197 7968 E adservices: Failed to bind to measurement service: java.lang.IllegalStateException: Unable to find the service
02-17 20:20:30.244 7966 7966 I libc : SetHeapTaggingLevel: tag level set to 0
02-17 20:20:30.255 7966 7966 I .secretspace:p0: Using CollectorTypeCMC GC.
02-17 20:20:30.262 7966 7966 E .secretspace:p0: Not starting debugger since process cannot load the jdwp agent.
02-17 20:20:30.267 7966 7966 D nativeloader: Load libframework-connectivity- tiramisu-jni.so using APEX ns com_android_tethering for caller /apex/com.android.tethering/javalib/framework-connectivity-t.jar: ok
02-17 20:20:30.309 7966 7966 D CompatibilityChangeReporter: Compat change id reported: 171979766; UID 10254; state: ENABLED
02-17 20:20:30.309 7966 7966 D CompatibilityChangeReporter: Compat change id reported: 242716250; UID 10254; state: ENABLED
02-17 20:20:30.320 7966 7966 D ApplicationLoaders: Returning zygote-cached class loader: /system/framework/android.test.base.jar
02-17 20:20:30.324 7966 7966 D nativeloader: Configuring clns-4 for other apk /system/framework/org.apache.http.legacy.jar. target_sdk_version=34, uses_libraries=ALL, library_path=/data/app/~~710swQFqqIkO-rMiAyMMcA==/com.hello.miheapp.secretspace- KvjLiCYx5gK8pe5WIDHE-Q==/lib/arm64:/data/app/~~710swQFqqIkO-rMiAyMMcA==/ com.hello.miheapp.secretspace-KvjLiCYx5gK8pe5WIDHE-Q==/base.apk!/lib/arm64-v8a:/ data/app/~~710swQFqqIkO-rMiAyMMcA==/com.hello.miheapp.secretspace- KvjLiCYx5gK8pe5WIDHE-Q==/split_config.arm64_v8a.apk!/lib/arm64-v8a:/data/app/ ~~710swQFqqIkO-rMiAyMMcA==/com.hello.miheapp.secretspace-KvjLiCYx5gK8pe5WIDHE-Q==/ split_config.en.apk!/lib/arm64-v8a:/data/app/~~710swQFqqIkO-rMiAyMMcA==/ com.hello.miheapp.secretspace-KvjLiCYx5gK8pe5WIDHE-Q==/split_config.hdpi.apk!/lib/ arm64-v8a, permitted_path=/data:/mnt/expand:/data/user/0/com.hello.miheapp.secretspace
02-17 20:20:30.373 7966 7966 W ziparchive: Unable to open '/data/app/~~710swQFqqIkO-rMiAyMMcA==/com.hello.miheapp.secretspace- KvjLiCYx5gK8pe5WIDHE-Q==/split_config.arm64_v8a.dm': No such file or directory
02-17 20:20:30.373 7966 7966 W ziparchive: Unable to open '/data/app/~~710swQFqqIkO-rMiAyMMcA==/com.hello.miheapp.secretspace- KvjLiCYx5gK8pe5WIDHE-Q==/split_config.arm64_v8a.dm': No such file or directory
02-17 20:20:30.373 7966 7966 W .secretspace:p0: Entry not found
02-17 20:20:30.375 7966 7966 W ziparchive: Unable to open '/data/app/~~710swQFqqIkO-rMiAyMMcA==/com.hello.miheapp.secretspace- KvjLiCYx5gK8pe5WIDHE-Q==/split_config.en.dm': No such file or directory
02-17 20:20:30.375 7966 7966 W ziparchive: Unable to open '/data/app/~~710swQFqqIkO-rMiAyMMcA==/com.hello.miheapp.secretspace- KvjLiCYx5gK8pe5WIDHE-Q==/split_config.en.dm': No such file or directory
02-17 20:20:30.375 7966 7966 W .secretspace:p0: Entry not found
02-17 20:20:30.376 7966 7966 W ziparchive: Unable to open '/data/app/~~710swQFqqIkO-rMiAyMMcA==/com.hello.miheapp.secretspace- KvjLiCYx5gK8pe5WIDHE-Q==/split_config.hdpi.dm': No such file or directory
02-17 20:20:30.376 7966 7966 W ziparchive: Unable to open '/data/app/~~710swQFqqIkO-rMiAyMMcA==/com.hello.miheapp.secretspace- KvjLiCYx5gK8pe5WIDHE-Q==/split_config.hdpi.dm': No such file or directory
02-17 20:20:30.376 7966 7966 W .secretspace:p0: Entry not found
02-17 20:20:30.378 7966 7966 D nativeloader: Configuring clns-5 for other apk /data/app/~~710swQFqqIkO-rMiAyMMcA==/com.hello.miheapp.secretspace- KvjLiCYx5gK8pe5WIDHE-Q==/base.apk:/data/app/~~710swQFqqIkO-rMiAyMMcA==/ com.hello.miheapp.secretspace-KvjLiCYx5gK8pe5WIDHE-Q==/ split_config.arm64_v8a.apk:/data/app/~~710swQFqqIkO-rMiAyMMcA==/ com.hello.miheapp.secretspace-KvjLiCYx5gK8pe5WIDHE-Q==/split_config.en.apk:/data/ app/~~710swQFqqIkO-rMiAyMMcA==/com.hello.miheapp.secretspace-KvjLiCYx5gK8pe5WIDHE- Q==/split_config.hdpi.apk. target_sdk_version=34, uses_libraries=, library_path=/data/app/~~710swQFqqIkO-rMiAyMMcA==/com.hello.miheapp.secretspace- KvjLiCYx5gK8pe5WIDHE-Q==/lib/arm64:/data/app/~~710swQFqqIkO-rMiAyMMcA==/ com.hello.miheapp.secretspace-KvjLiCYx5gK8pe5WIDHE-Q==/base.apk!/lib/arm64-v8a:/ data/app/~~710swQFqqIkO-rMiAyMMcA==/com.hello.miheapp.secretspace- KvjLiCYx5gK8pe5WIDHE-Q==/split_config.arm64_v8a.apk!/lib/arm64-v8a:/data/app/ ~~710swQFqqIkO-rMiAyMMcA==/com.hello.miheapp.secretspace-KvjLiCYx5gK8pe5WIDHE-Q==/ split_config.en.apk!/lib/arm64-v8a:/data/app/~
02-17 20:20:30.414 7966 7966 D nativeloader: Load libframework-connectivity- jni.so using APEX ns com_android_tethering for caller /apex/com.android.tethering/javalib/framework-connectivity.jar: ok
02-17 20:20:30.420 7197 7812 D SessionConfigFetcher: Fetched settings: {"settings_version":3,"cache_duration":160017,"features": {"collect_logged_exceptions":true,"collect_reports":true,"collect_analytics":false, "prompt_enabled":false,"push_enabled":false,"firebase_crashlytics_enabled":false,"c ollect_anrs":true,"collect_metric_kit":false,"collect_build_ids":true},"app": {"status":"activated","update_required":false,"report_upload_variant":2,"native_rep ort_upload_variant":2},"fabric": {"org_id":"65f00c8a567bf1f0daf09834","bundle_id":"com.hello.miheapp.secretspace"}," on_demand_upload_rate_per_minute":10,"on_demand_backoff_base":1.2,"on_demand_backof f_step_duration_seconds":60,"app_quality": {"sessions_enabled":true,"sampling_rate":1,"session_timeout_seconds":1800},"on_dema nd_thread_recording_suspension_enabled":true}
02-17 20:20:30.439 7966 7966 V GraphicsEnvironment: Currently set values for:
02-17 20:20:30.439 7966 7966 V GraphicsEnvironment: angle_gl_driver_selection_pkgs=[]
02-17 20:20:30.439 7966 7966 V GraphicsEnvironment: angle_gl_driver_selection_values=[]
02-17 20:20:30.443 7966 7966 V GraphicsEnvironment: ANGLE GameManagerService for com.hello.miheapp.secretspace: false
02-17 20:20:30.443 7966 7966 V GraphicsEnvironment: com.hello.miheapp.secretspace is not listed in per-application setting
02-17 20:20:30.443 7966 7966 V GraphicsEnvironment: Neither updatable production driver nor prerelease driver is supported.
02-17 20:20:30.460 7966 7966 D nativeloader: Load /data/app/~~710swQFqqIkO- rMiAyMMcA==/com.hello.miheapp.secretspace-KvjLiCYx5gK8pe5WIDHE-Q==/ split_config.arm64_v8a.apk!/lib/arm64-v8a/librepublic.so using ns clns-5 from class loader (caller=/data/app/~~710swQFqqIkO-rMiAyMMcA==/com.hello.miheapp.secretspace- KvjLiCYx5gK8pe5WIDHE-Q==/base.apk): ok
02-17 20:20:30.592 7197 7832 D LifecycleServiceBinder: Binding service to application.
02-17 20:20:30.596 6950 6950 I WebViewFactory: Loading com.google.android.webview version 132.0.6834.163 (code 683416333)
02-17 20:20:30.651 6950 6950 W ziparchive: Unable to open '/data/app/~~bbCUj- EAjE_B2E0lmZBz0A==/com.google.android.trichromelibrary_683416333- fJr9NgsChSqoUGFCVs7lSQ==/base.dm': No such file or directory
02-17 20:20:30.651 6950 6950 W ziparchive: Unable to open '/data/app/~~bbCUj- EAjE_B2E0lmZBz0A==/com.google.android.trichromelibrary_683416333- fJr9NgsChSqoUGFCVs7lSQ==/base.dm': No such file or directory
02-17 20:20:30.651 6950 6950 W app.secretspace: Entry not found
02-17 20:20:30.652 6950 6950 D nativeloader: Configuring clns-10 for other apk /data/app/~~bbCUj-EAjE_B2E0lmZBz0A==/com.google.android.trichromelibrary_683416333- fJr9NgsChSqoUGFCVs7lSQ==/base.apk. target_sdk_version=34, uses_libraries=ALL, library_path=/data/app/~~dwS5Wtftr3dXkKWg9QYG1g==/com.google.android.webview- YvfGFrdyptW-II3JhRROdQ==/lib/arm64:/data/app/~~dwS5Wtftr3dXkKWg9QYG1g==/ com.google.android.webview-YvfGFrdyptW-II3JhRROdQ==/base.apk!/lib/arm64-v8a:/data/ app/~~bbCUj-EAjE_B2E0lmZBz0A==/com.google.android.trichromelibrary_683416333- fJr9NgsChSqoUGFCVs7lSQ==/base.apk!/lib/arm64-v8a, permitted_path=/data:/mnt/expand
02-17 20:20:30.663 6950 6950 D nativeloader: Configuring clns-11 for other apk /data/app/~~dwS5Wtftr3dXkKWg9QYG1g==/com.google.android.webview-YvfGFrdyptW- II3JhRROdQ==/base.apk. target_sdk_version=34, uses_libraries=, library_path=/data/app/~~dwS5Wtftr3dXkKWg9QYG1g==/com.google.android.webview- YvfGFrdyptW-II3JhRROdQ==/lib/arm64:/data/app/~~dwS5Wtftr3dXkKWg9QYG1g==/ com.google.android.webview-YvfGFrdyptW-II3JhRROdQ==/base.apk!/lib/arm64-v8a:/data/ app/~~bbCUj-EAjE_B2E0lmZBz0A==/com.google.android.trichromelibrary_683416333- fJr9NgsChSqoUGFCVs7lSQ==/base.apk!/lib/arm64-v8a, permitted_path=/data:/mnt/expand
02-17 20:20:30.735 6950 6950 I cr_WVCFactoryProvider: version=132.0.6834.163 (683416333) minSdkVersion=29 isBundle=true multiprocess=true packageId=2
02-17 20:20:30.896 6950 6950 D nativeloader: Load /data/app/~~bbCUj- EAjE_B2E0lmZBz0A==/com.google.android.trichromelibrary_683416333- fJr9NgsChSqoUGFCVs7lSQ==/base.apk!/lib/arm64-v8a/libmonochrome_64.so using ns clns- 11 from class loader (caller=/data/app/~~dwS5Wtftr3dXkKWg9QYG1g==/com.google.android.webview- YvfGFrdyptW-II3JhRROdQ==/base.apk): ok
02-17 20:20:30.901 6950 6950 D nativeloader: Load /system/lib64/libwebviewchromium_plat_support.so using ns clns-11 from class loader (caller=/data/app/~~dwS5Wtftr3dXkKWg9QYG1g==/com.google.android.webview- YvfGFrdyptW-II3JhRROdQ==/base.apk): ok
02-17 20:20:30.995 6950 6950 I cr_LibraryLoader: Successfully loaded native library
02-17 20:20:31.001 6950 6950 I cr_CachingUmaRecorder: Flushed 6 samples from 6 histograms, 0 samples were dropped.
02-17 20:20:31.012 7966 7966 W CheckTime: App running slow: Executing handleBindApplication : makeApplication took 567ms
02-17 20:20:31.024 6950 6950 I cr_CombinedPProvider: #registerProvider() provider:WV.D8@3addf4a isPolicyCacheEnabled:false policyProvidersSize:0
02-17 20:20:31.040 7966 7966 W Glide : Failed to find GeneratedAppGlideModule. You should include an annotationProcessor compile dependency on com.github.bumptech.glide:compiler in your application and a @GlideModule annotated AppGlideModule implementation or LibraryGlideModules will be silently ignored
02-17 20:20:31.065 6950 6950 I cr_PolicyProvider: #setManagerAndSource() 0
02-17 20:20:31.132 6950 6950 I cr_CombinedPProvider: #linkNativeInternal() 1
02-17 20:20:31.162 6950 6950 I cr_AppResProvider: #getApplicationRestrictionsFromUserManager() Bundle[EMPTY_PARCEL]
02-17 20:20:31.162 6950 6950 I cr_PolicyProvider: #notifySettingsAvailable() 0
02-17 20:20:31.162 6950 6950 I cr_CombinedPProvider: #onSettingsAvailable() 0
02-17 20:20:31.162 6950 6950 I cr_CombinedPProvider: #flushPolicies()
02-17 20:20:31.170 7966 7966 D CompatibilityChangeReporter: Compat change id reported: 183155436; UID 10254; state: ENABLED
02-17 20:20:31.180 7966 7966 D SessionsDependencies: Dependency to CRASHLYTICS added.
02-17 20:20:31.181 7966 7966 I FirebaseApp: Device unlocked: initializing all Firebase APIs for app [DEFAULT]
02-17 20:20:31.182 7966 7966 I FirebaseCrashlytics: Initializing Firebase Crashlytics 18.6.2 for com.hello.miheapp.secretspace
02-17 20:20:31.183 7966 7966 D CompatibilityChangeReporter: Compat change id reported: 247079863; UID 10254; state: ENABLED
02-17 20:20:31.252 7197 7757 I FirebaseCrashlytics: No version control information found
02-17 20:20:31.296 7966 7966 D SessionsDependencies: Subscriber CRASHLYTICS registered.
02-17 20:20:31.404 7966 8253 D ActivityThread: Loading provider com.google.android.gms.chimera: org.microg.gms.chimera.ServiceProvider
02-17 20:20:31.500 6950 6950 D CompatibilityChangeReporter: Compat change id reported: 214741472; UID 10254; state: ENABLED
02-17 20:20:31.511 6950 6950 D CompatibilityChangeReporter: Compat change id reported: 171228096; UID 10254; state: ENABLED
02-17 20:20:31.519 7966 8253 W .secretspace:p0: Suspending all threads took: 14.411ms
02-17 20:20:31.523 7966 8253 D nativeloader: Configuring clns-6 for other apk /system/framework/com.android.location.provider.jar. target_sdk_version=29, uses_libraries=ALL, library_path=/data/user/0/com.hello.miheapp.secretspace/sandbox/data/app/ com.google.android.gms/lib:/data/user/0/com.hello.miheapp.secretspace/sandbox/ data/app/com.google.android.gms/base.apk!/lib/arm64-v8a, permitted_path=/data:/mnt/expand:/data/user/0/com.hello.miheapp.secretspace/ sandbox/data/user/0/com.google.android.gms
02-17 20:20:31.575 7966 7966 W ScionFrontendAp: type=1400 audit(0.0:166): avc: granted { execute } for path="/data/data/com.hello.miheapp.secretspace/sandbox/data/app/com.google.android. gms/oat/arm64/base.odex" dev="dm-55" ino=432375 scontext=u:r:untrusted_app:s0:c254,c256,c512,c768 tcontext=u:object_r:app_data_file:s0:c254,c256,c512,c768 tclass=file app=com.hello.miheapp.secretspace
02-17 20:20:31.634 7966 7966 D FirebaseSessions: Initializing Firebase Sessions SDK.
02-17 20:20:31.636 7966 7966 I FirebaseApp: FirebaseApp initialization successful
02-17 20:20:31.689 7966 8315 D SessionConfigFetcher: Fetching settings from server.
02-17 20:20:31.734 7966 7966 W CheckTime: App running slow: Executing handleBindApplication : callApplicationOnCreate took 714ms
02-17 20:20:31.769 7966 8253 D nativeloader: Configuring clns-7 for other apk /data/user/0/com.hello.miheapp.secretspace/sandbox/data/app/com.google.android.gms/ base.apk. target_sdk_version=29, uses_libraries=, library_path=/data/user/0/com.hello.miheapp.secretspace/sandbox/data/app/ com.google.android.gms/lib:/data/user/0/com.hello.miheapp.secretspace/sandbox/ data/app/com.google.android.gms/base.apk!/lib/arm64-v8a, permitted_path=/data:/mnt/expand:/data/user/0/com.hello.miheapp.secretspace/ sandbox/data/user/0/com.google.android.gms
02-17 20:20:31.780 7966 8253 W DynamiteModule: IDynamite loader version = 2, no high precision latency measurement.
02-17 20:20:31.786 7966 8253 I DynamiteModule: Considering local module com.google.android.gms.measurement.dynamite:100 and remote module com.google.android.gms.measurement.dynamite:98
02-17 20:20:31.786 7966 8253 I DynamiteModule: Selected local version of com.google.android.gms.measurement.dynamite
02-17 20:20:31.786 7966 8253 W DynamiteModule: IDynamite loader version = 2, no high precision latency measurement.
02-17 20:20:31.791 8322 8322 I libc : SetHeapTaggingLevel: tag level set to 0
02-17 20:20:31.803 8322 8322 I secretspace:dex: Using CollectorTypeCMC GC.
02-17 20:20:31.815 8322 8322 E secretspace:dex: Not starting debugger since process cannot load the jdwp agent.
02-17 20:20:31.824 8322 8322 D nativeloader: Load libframework-connectivity- tiramisu-jni.so using APEX ns com_android_tethering for caller /apex/com.android.tethering/javalib/framework-connectivity-t.jar: ok
02-17 20:20:31.835 7966 7966 D nativeloader: Load /data/app/~~710swQFqqIkO- rMiAyMMcA==/com.hello.miheapp.secretspace-KvjLiCYx5gK8pe5WIDHE-Q==/ split_config.arm64_v8a.apk!/lib/arm64-v8a/libsandbox.so using ns clns-5 from class loader (caller=/data/app/~~710swQFqqIkO-rMiAyMMcA==/com.hello.miheapp.secretspace- KvjLiCYx5gK8pe5WIDHE-Q==/base.apk): ok
02-17 20:20:31.835 7966 7966 D NativeCore: NativeCore init.
02-17 20:20:31.835 7966 7966 D NativeCore: found art method entrypoint jni offset: 2
02-17 20:20:31.836 7966 7966 D NativeCore: not found art method match access flags offset , use default: 4
02-17 20:20:31.890 8322 8322 D CompatibilityChangeReporter: Compat change id reported: 171979766; UID 10254; state: ENABLED
02-17 20:20:31.890 8322 8322 D CompatibilityChangeReporter: Compat change id reported: 242716250; UID 10254; state: ENABLED
02-17 20:20:31.900 8322 8322 D ApplicationLoaders: Returning zygote-cached class loader: /system/framework/android.test.base.jar
02-17 20:20:31.918 8322 8322 D nativeloader: Configuring clns-4 for other apk /system/framework/org.apache.http.legacy.jar. target_sdk_version=34, uses_libraries=ALL, library_path=/data/app/~~710swQFqqIkO-rMiAyMMcA==/com.hello.miheapp.secretspace- KvjLiCYx5gK8pe5WIDHE-Q==/lib/arm64:/data/app/~~710swQFqqIkO-rMiAyMMcA==/ com.hello.miheapp.secretspace-KvjLiCYx5gK8pe5WIDHE-Q==/base.apk!/lib/arm64-v8a:/ data/app/~~710swQFqqIkO-rMiAyMMcA==/com.hello.miheapp.secretspace- KvjLiCYx5gK8pe5WIDHE-Q==/split_config.arm64_v8a.apk!/lib/arm64-v8a:/data/app/ ~~710swQFqqIkO-rMiAyMMcA==/com.hello.miheapp.secretspace-KvjLiCYx5gK8pe5WIDHE-Q==/ split_config.en.apk!/lib/arm64-v8a:/data/app/~~710swQFqqIkO-rMiAyMMcA==/ com.hello.miheapp.secretspace-KvjLiCYx5gK8pe5WIDHE-Q==/split_config.hdpi.apk!/lib/ arm64-v8a, permitted_path=/data:/mnt/expand:/data/user/0/com.hello.miheapp.secretspace
02-17 20:20:31.946 8322 8322 W ziparchive: Unable to open '/data/app/~~710swQFqqIkO-rMiAyMMcA==/com.hello.miheapp.secretspace- KvjLiCYx5gK8pe5WIDHE-Q==/split_config.arm64_v8a.dm': No such file or directory
02-17 20:20:31.946 8322 8322 W ziparchive: Unable to open '/data/app/~~710swQFqqIkO-rMiAyMMcA==/com.hello.miheapp.secretspace- KvjLiCYx5gK8pe5WIDHE-Q==/split_config.arm64_v8a.dm': No such file or directory
02-17 20:20:31.946 8322 8322 W secretspace:dex: Entry not found
02-17 20:20:31.947 8322 8322 W ziparchive: Unable to open '/data/app/~~710swQFqqIkO-rMiAyMMcA==/com.hello.miheapp.secretspace- KvjLiCYx5gK8pe5WIDHE-Q==/split_config.en.dm': No such file or directory
02-17 20:20:31.947 8322 8322 W ziparchive: Unable to open '/data/app/~~710swQFqqIkO-rMiAyMMcA==/com.hello.miheapp.secretspace- KvjLiCYx5gK8pe5WIDHE-Q==/split_config.en.dm': No such file or directory
02-17 20:20:31.947 8322 8322 W secretspace:dex: Entry not found
02-17 20:20:31.948 8322 8322 W ziparchive: Unable to open '/data/app/~~710swQFqqIkO-rMiAyMMcA==/com.hello.miheapp.secretspace- KvjLiCYx5gK8pe5WIDHE-Q==/split_config.hdpi.dm': No such file or directory
02-17 20:20:31.948 8322 8322 W ziparchive: Unable to open '/data/app/~~710swQFqqIkO-rMiAyMMcA==/com.hello.miheapp.secretspace- KvjLiCYx5gK8pe5WIDHE-Q==/split_config.hdpi.dm': No such file or directory
02-17 20:20:31.948 8322 8322 W secretspace:dex: Entry not found
02-17 20:20:31.950 8322 8322 D nativeloader: Configuring clns-5 for other apk /data/app/~~710swQFqqIkO-rMiAyMMcA==/com.hello.miheapp.secretspace- KvjLiCYx5gK8pe5WIDHE-Q==/base.apk:/data/app/~~710swQFqqIkO-rMiAyMMcA==/ com.hello.miheapp.secretspace-KvjLiCYx5gK8pe5WIDHE-Q==/ split_config.arm64_v8a.apk:/data/app/~~710swQFqqIkO-rMiAyMMcA==/ com.hello.miheapp.secretspace-KvjLiCYx5gK8pe5WIDHE-Q==/split_config.en.apk:/data/ app/~~710swQFqqIkO-rMiAyMMcA==/com.hello.miheapp.secretspace-KvjLiCYx5gK8pe5WIDHE- Q==/split_config.hdpi.apk. target_sdk_version=34, uses_libraries=, library_path=/data/app/~~710swQFqqIkO-rMiAyMMcA==/com.hello.miheapp.secretspace- KvjLiCYx5gK8pe5WIDHE-Q==/lib/arm64:/data/app/~~710swQFqqIkO-rMiAyMMcA==/ com.hello.miheapp.secretspace-KvjLiCYx5gK8pe5WIDHE-Q==/base.apk!/lib/arm64-v8a:/ data/app/~~710swQFqqIkO-rMiAyMMcA==/com.hello.miheapp.secretspace- KvjLiCYx5gK8pe5WIDHE-Q==/split_config.arm64_v8a.apk!/lib/arm64-v8a:/data/app/ ~~710swQFqqIkO-rMiAyMMcA==/com.hello.miheapp.secretspace-KvjLiCYx5gK8pe5WIDHE-Q==/ split_config.en.apk!/lib/arm64-v8a:/data/app/~
02-17 20:20:31.960 8322 8322 D nativeloader: Load libframework-connectivity- jni.so using APEX ns com_android_tethering for caller /apex/com.android.tethering/javalib/framework-connectivity.jar: ok
02-17 20:20:31.983 8322 8322 V GraphicsEnvironment: Currently set values for:
02-17 20:20:31.983 8322 8322 V GraphicsEnvironment: angle_gl_driver_selection_pkgs=[]
02-17 20:20:31.983 7966 7966 E NativeCore: not native method
02-17 20:20:31.983 8322 8322 V GraphicsEnvironment: angle_gl_driver_selection_values=[]
02-17 20:20:31.983 7966 7966 E NativeCore: check flags error. class:java/io/UnixFileSystem, method:canonicalize0
02-17 20:20:31.983 7966 7966 D NativeCore: register class:java/io/UnixFileSystem, method:getBooleanAttributes0 success!
02-17 20:20:31.983 7966 7966 D NativeCore: register class:java/io/UnixFileSystem, method:getLastModifiedTime0 success!
02-17 20:20:31.983 7966 7966 D NativeCore: register class:java/io/UnixFileSystem, method:setPermission0 success!
02-17 20:20:31.983 7966 7966 D NativeCore: register class:java/io/UnixFileSystem, method:createFileExclusively0 success!
02-17 20:20:31.983 7966 7966 D NativeCore: register class:java/io/UnixFileSystem, method:list0 success!
02-17 20:20:31.983 7966 7966 D NativeCore: register class:java/io/UnixFileSystem, method:createDirectory0 success!
02-17 20:20:31.983 7966 7966 D NativeCore: register class:java/io/UnixFileSystem, method:setLastModifiedTime0 success!
02-17 20:20:31.983 7966 7966 D NativeCore: register class:java/io/UnixFileSystem, method:setReadOnly0 success!
02-17 20:20:31.983 7966 7966 D NativeCore: register class:java/io/UnixFileSystem, method:getSpace0 success!
02-17 20:20:31.983 7966 7966 D NativeCore: register class:java/lang/VMClassLoader, method:findLoadedClass success!
02-17 20:20:31.983 7966 7966 D NativeCore: register class:android/os/Binder, method:getCallingUid success!
02-17 20:20:31.983 7966 7966 D NativeCore: register class:dalvik/system/VMRuntime, method:setHiddenApiExemptions success!
02-17 20:20:31.983 7966 7966 D NativeCore: register class:dalvik/system/DexFile, method:openDexFileNative success!
02-17 20:20:31.992 8322 8322 V GraphicsEnvironment: ANGLE GameManagerService for com.hello.miheapp.secretspace: false
02-17 20:20:31.992 8322 8322 V GraphicsEnvironment: com.hello.miheapp.secretspace is not listed in per-application setting
02-17 20:20:31.992 8322 8322 V GraphicsEnvironment: Neither updatable production driver nor prerelease driver is supported.
02-17 20:20:32.015 8322 8322 D nativeloader: Load /data/app/~~710swQFqqIkO- rMiAyMMcA==/com.hello.miheapp.secretspace-KvjLiCYx5gK8pe5WIDHE-Q==/ split_config.arm64_v8a.apk!/lib/arm64-v8a/librepublic.so using ns clns-5 from class loader (caller=/data/app/~~710swQFqqIkO-rMiAyMMcA==/com.hello.miheapp.secretspace- KvjLiCYx5gK8pe5WIDHE-Q==/base.apk): ok
02-17 20:20:32.050 8322 8322 W Glide : Failed to find GeneratedAppGlideModule. You should include an annotationProcessor compile dependency on com.github.bumptech.glide:compiler in your application and a @GlideModule annotated AppGlideModule implementation or LibraryGlideModules will be silently ignored
02-17 20:20:32.054 7966 8324 I FA : App measurement initialized, version: 84002
02-17 20:20:32.054 7966 8324 I FA : To enable debug logging run: adb shell setprop log.tag.FA VERBOSE
02-17 20:20:32.054 7966 8324 I FA : To enable faster debug mode event logging run:
02-17 20:20:32.054 7966 8324 I FA : adb shell setprop debug.firebase.analytics.app com.hello.miheapp.secretspace
02-17 20:20:32.060 8322 8322 D CompatibilityChangeReporter: Compat change id reported: 183155436; UID 10254; state: ENABLED
02-17 20:20:32.063 8322 8322 D SessionsDependencies: Dependency to CRASHLYTICS added.
02-17 20:20:32.064 8322 8322 I FirebaseApp: Device unlocked: initializing all Firebase APIs for app [DEFAULT]
02-17 20:20:32.066 8322 8322 I FirebaseCrashlytics: Initializing Firebase Crashlytics 18.6.2 for com.hello.miheapp.secretspace
02-17 20:20:32.066 8322 8322 D CompatibilityChangeReporter: Compat change id reported: 247079863; UID 10254; state: ENABLED
02-17 20:20:32.095 6950 8373 I MATDBManager: sqllite db insert success! insert row id:291
02-17 20:20:32.103 6950 8373 I MATDBManager: sqllite db capacity:1
02-17 20:20:32.104 6950 6950 W CheckTime: App running slow: Executing handleBindApplication : callApplicationOnCreate took 5718ms
02-17 20:20:32.137 8322 8322 D SessionsDependencies: Subscriber CRASHLYTICS registered.
02-17 20:20:32.164 6950 6950 W CheckTime: App running slow: Executing com.hello.sandbox.profile.owner.VboxDeviceReceiver scheduleReceive took 7028ms
02-17 20:20:32.185 6950 8385 I CameraManagerGlobal: Connecting to camera service
02-17 20:20:32.212 7966 8324 D CompatibilityChangeReporter: Compat change id reported: 183155436; UID 10254; state: ENABLED
02-17 20:20:32.214 6950 6950 D SessionLifecycleService: Service bound to new client on process 6950
02-17 20:20:32.215 6950 8395 D SessionLifecycleService: App has not yet foregrounded. Using previously stored session: null
02-17 20:20:32.215 6950 8395 D SessionLifecycleService: Client android.os.Messenger@a5e9317 bound at 131185. Clients: 1
02-17 20:20:32.280 6950 8259 W cr_media: BLUETOOTH_CONNECT permission is missing.
02-17 20:20:32.285 6950 8259 W cr_media: getBluetoothAdapter() requires BLUETOOTH permission
02-17 20:20:32.285 6950 8259 W cr_media: registerBluetoothIntentsIfNeeded: Requires BLUETOOTH permission
02-17 20:20:32.336 6950 8410 D libEGL : loaded /vendor/lib64/egl/libGLES_mali.so
02-17 20:20:32.368 7966 7966 I MultiDex: VM with version 2.1.0 has multidex support
02-17 20:20:32.369 7966 7966 I MultiDex: Installing application
02-17 20:20:32.369 7966 7966 I MultiDex: VM has multidex support, MultiDex support library is disabled.
02-17 20:20:32.377 7966 7966 D ChimeraServiceProvider: onCreate
02-17 20:20:32.378 7966 7966 D FontsProvider: onCreate
02-17 20:20:32.379 7966 7966 D GmsPhenotypeCfgProvider: unimplemented Method: onCreate
02-17 20:20:32.433 8322 8387 W secretspace:dex: ClassLoaderContext classpath size mismatch. expected=1, found=0 (DLC[];PCL[base.apk*2991005092]{PCL[/system/framework/org.apache.http.legacy.jar*32 84119653]#PCL[/system/framework/ com.android.media.remotedisplay.jar*2114713712]#PCL[/system/framework/ com.android.location.provider.jar*3994156537]#PCL[/system/framework/ org.apache.http.legacy.jar*3284119653]} | DLC[];PCL[])
02-17 20:20:32.452 7966 7966 D ActivityThread: Loading provider com.google.android.gms.microg.settings: org.microg.gms.settings.SettingsProvider
02-17 20:20:32.454 8322 8387 I DynamiteModule: Considering local module com.google.android.gms.measurement.dynamite:100 and remote module com.google.android.gms.measurement.dynamite:138
02-17 20:20:32.454 8322 8387 I DynamiteModule: Selected remote version of com.google.android.gms.measurement.dynamite, version >= 138
02-17 20:20:32.455 8322 8387 V DynamiteModule: Dynamite loader version >= 2, using loadModule2NoCrashUtils
02-17 20:20:32.484 8322 8322 D FirebaseSessions: Initializing Firebase Sessions SDK.
02-17 20:20:32.486 8322 8322 I FirebaseApp: FirebaseApp initialization successful
02-17 20:20:32.491 7966 7966 D ProfileManager: Using Serial bc2fec0bee2c3db66b80656b422a2254
02-17 20:20:32.498 6950 6950 D SessionLifecycleClient: Connected to SessionLifecycleService. Queue size 0
02-17 20:20:32.527 8322 8387 W System : ClassLoader referenced unknown path:
02-17 20:20:32.527 8322 8387 D nativeloader: Configuring clns-6 for other apk . target_sdk_version=34, uses_libraries=, library_path=/data/app/~~kiXeBkf_jFHTx4mNZjhGvg==/com.google.android.gms- Ko1ohRoLCuT0VZAJErByVw==/lib/arm64:/data/app/~~kiXeBkf_jFHTx4mNZjhGvg==/ com.google.android.gms-Ko1ohRoLCuT0VZAJErByVw==/base.apk!/lib/arm64-v8a, permitted_path=/data:/mnt/expand:/data/user/0/com.google.android.gms
02-17 20:20:32.532 7966 7966 D CompatibilityChangeReporter: Compat change id reported: 183155436; UID 10001; state: ENABLED
02-17 20:20:32.536 8322 8322 W CheckTime: App running slow: Executing handleBindApplication : callApplicationOnCreate took 486ms
02-17 20:20:32.541 8322 8397 D SessionConfigFetcher: Fetching settings from server.
02-17 20:20:32.547 8322 8387 W secretspace:dex: ClassLoaderContext classpath element checksum mismatch. expected=2991005092, found=1191297475 (DLC[];PCL[base.apk*2991005092]{PCL[/system/framework/org.apache.http.legacy.jar*32 84119653]#PCL[/system/framework/ com.android.media.remotedisplay.jar*2114713712]#PCL[/system/framework/ com.android.location.provider.jar*3994156537]#PCL[/system/framework/ org.apache.http.legacy.jar*3284119653]} | DLC[];PCL[/data/app/~~710swQFqqIkO- rMiAyMMcA==/com.hello.miheapp.secretspace-KvjLiCYx5gK8pe5WIDHE-Q==/ base.apk*1191297475]{PCL[/system/framework/android.test.base.jar*836642757]#PCL[/ system/framework/org.apache.http.legacy.jar*3284119653]})
02-17 20:20:32.592 7966 7966 D MeasurementService: onBind: Intent { act=com.google.android.gms.measurement.START pkg=com.google.android.gms cmp=com.google.android.gms/org.microg.gms.measurement.MeasurementService }
02-17 20:20:32.598 7966 7966 D MeasurementService: onBind: Intent { act=com.google.android.gms.measurement.START pkg=com.google.android.gms }
02-17 20:20:32.615 8479 8479 I libc : SetHeapTaggingLevel: tag level set to 0
02-17 20:20:32.627 8479 8479 I .secretspace:p1: Using CollectorTypeCMC GC.
02-17 20:20:32.631 8479 8479 E .secretspace:p1: Not starting debugger since process cannot load the jdwp agent.
02-17 20:20:32.637 8479 8479 D nativeloader: Load libframework-connectivity- tiramisu-jni.so using APEX ns com_android_tethering for caller /apex/com.android.tethering/javalib/framework-connectivity-t.jar: ok
02-17 20:20:32.659 7966 7966 D GmsCheckinTrigger: Ignoring Intent { act=android.intent.action.BOOT_COMPLETED }: checkin is disabled
02-17 20:20:32.671 7966 7966 D MeasurementService: bound by: GetServiceRequest{serviceId=MEASUREMENT, gmsVersion=12451000, packageName='com.hello.miheapp.secretspace', extras=Bundle[{}]}
02-17 20:20:32.674 7966 8324 D SafeParcel: Unknown field id 34 in com.google.android.gms.measurement.internal.AppMetadata, skipping.
02-17 20:20:32.674 7966 8324 D SafeParcel: Unknown field id 35 in com.google.android.gms.measurement.internal.AppMetadata, skipping.
02-17 20:20:32.674 7966 8324 D MeasurementService: sendAppLaunch() for AppMetadata[com.hello.miheapp.secretspace]
02-17 20:20:32.695 7966 8324 D SafeParcel: Unknown field id 34 in com.google.android.gms.measurement.internal.AppMetadata, skipping.
02-17 20:20:32.695 7966 8324 D SafeParcel: Unknown field id 35 in com.google.android.gms.measurement.internal.AppMetadata, skipping.
02-17 20:20:32.695 7966 8324 D MeasurementService: getAppInstanceId() for AppMetadata[com.hello.miheapp.secretspace]
02-17 20:20:32.696 7966 8324 D SafeParcel: Unknown field id 34 in com.google.android.gms.measurement.internal.AppMetadata, skipping.
02-17 20:20:32.696 7966 8324 D SafeParcel: Unknown field id 35 in com.google.android.gms.measurement.internal.AppMetadata, skipping.
02-17 20:20:32.696 7966 8324 D MeasurementService: sendDefaultEventParameters(Bundle[EMPTY_PARCEL]) for AppMetadata[com.hello.miheapp.secretspace]
02-17 20:20:32.728 7966 8286 D SessionConfigFetcher: Fetched settings: {"settings_version":3,"cache_duration":172154,"features": {"collect_logged_exceptions":true,"collect_reports":true,"collect_analytics":false, "prompt_enabled":false,"push_enabled":false,"firebase_crashlytics_enabled":false,"c ollect_anrs":true,"collect_metric_kit":false,"collect_build_ids":true},"app": {"status":"activated","update_required":false,"report_upload_variant":2,"native_rep ort_upload_variant":2},"fabric": {"org_id":"65f00c8a567bf1f0daf09834","bundle_id":"com.hello.miheapp.secretspace"}," on_demand_upload_rate_per_minute":10,"on_demand_backoff_base":1.2,"on_demand_backof f_step_duration_seconds":60,"app_quality": {"sessions_enabled":true,"sampling_rate":1,"session_timeout_seconds":1800},"on_dema nd_thread_recording_suspension_enabled":true}
02-17 20:20:32.764 6950 8410 D vulkan : searching for layers in '/data/app/~~710swQFqqIkO-rMiAyMMcA==/com.hello.miheapp.secretspace- KvjLiCYx5gK8pe5WIDHE-Q==/lib/arm64'
02-17 20:20:32.765 6950 8410 D vulkan : searching for layers in '/data/app/~~710swQFqqIkO-rMiAyMMcA==/com.hello.miheapp.secretspace- KvjLiCYx5gK8pe5WIDHE-Q==/base.apk!/lib/arm64-v8a'
02-17 20:20:32.766 6950 8410 D vulkan : searching for layers in '/data/app/~~710swQFqqIkO-rMiAyMMcA==/com.hello.miheapp.secretspace- KvjLiCYx5gK8pe5WIDHE-Q==/split_config.arm64_v8a.apk!/lib/arm64-v8a'
02-17 20:20:32.779 7966 8262 D LifecycleServiceBinder: Binding service to application.
