02-17 20:20:32.784 8479 8479 D CompatibilityChangeReporter: Compat change id reported: 171979766; UID 10254; state: ENABLED
02-17 20:20:32.784 8479 8479 D CompatibilityChangeReporter: Compat change id reported: 242716250; UID 10254; state: ENABLED
02-17 20:20:32.850 6950 8410 D vulkan : searching for layers in '/data/app/~~710swQFqqIkO-rMiAyMMcA==/com.hello.miheapp.secretspace- KvjLiCYx5gK8pe5WIDHE-Q==/split_config.en.apk!/lib/arm64-v8a'
02-17 20:20:32.851 6950 8410 D vulkan : searching for layers in '/data/app/~~710swQFqqIkO-rMiAyMMcA==/com.hello.miheapp.secretspace- KvjLiCYx5gK8pe5WIDHE-Q==/split_config.hdpi.apk!/lib/arm64-v8a'
02-17 20:20:32.861 8479 8479 D ApplicationLoaders: Returning zygote-cached class loader: /system/framework/android.test.base.jar
02-17 20:20:32.867 8479 8479 D nativeloader: Configuring clns-4 for other apk /system/framework/org.apache.http.legacy.jar. target_sdk_version=34, uses_libraries=ALL, library_path=/data/app/~~710swQFqqIkO-rMiAyMMcA==/com.hello.miheapp.secretspace- KvjLiCYx5gK8pe5WIDHE-Q==/lib/arm64:/data/app/~~710swQFqqIkO-rMiAyMMcA==/ com.hello.miheapp.secretspace-KvjLiCYx5gK8pe5WIDHE-Q==/base.apk!/lib/arm64-v8a:/ data/app/~~710swQFqqIkO-rMiAyMMcA==/com.hello.miheapp.secretspace- KvjLiCYx5gK8pe5WIDHE-Q==/split_config.arm64_v8a.apk!/lib/arm64-v8a:/data/app/ ~~710swQFqqIkO-rMiAyMMcA==/com.hello.miheapp.secretspace-KvjLiCYx5gK8pe5WIDHE-Q==/ split_config.en.apk!/lib/arm64-v8a:/data/app/~~710swQFqqIkO-rMiAyMMcA==/ com.hello.miheapp.secretspace-KvjLiCYx5gK8pe5WIDHE-Q==/split_config.hdpi.apk!/lib/ arm64-v8a, permitted_path=/data:/mnt/expand:/data/user/0/com.hello.miheapp.secretspace
02-17 20:20:32.873 6950 8410 W chromium: [WARNING:viz_main_impl.cc(85)] VizNullHypothesis is disabled (not a warning)
02-17 20:20:32.923 8479 8479 W ziparchive: Unable to open '/data/app/~~710swQFqqIkO-rMiAyMMcA==/com.hello.miheapp.secretspace- KvjLiCYx5gK8pe5WIDHE-Q==/split_config.arm64_v8a.dm': No such file or directory
02-17 20:20:32.923 8479 8479 W ziparchive: Unable to open '/data/app/~~710swQFqqIkO-rMiAyMMcA==/com.hello.miheapp.secretspace- KvjLiCYx5gK8pe5WIDHE-Q==/split_config.arm64_v8a.dm': No such file or directory
02-17 20:20:32.924 8479 8479 W .secretspace:p1: Entry not found
02-17 20:20:32.925 8479 8479 W ziparchive: Unable to open '/data/app/~~710swQFqqIkO-rMiAyMMcA==/com.hello.miheapp.secretspace- KvjLiCYx5gK8pe5WIDHE-Q==/split_config.en.dm': No such file or directory
02-17 20:20:32.925 8479 8479 W ziparchive: Unable to open '/data/app/~~710swQFqqIkO-rMiAyMMcA==/com.hello.miheapp.secretspace- KvjLiCYx5gK8pe5WIDHE-Q==/split_config.en.dm': No such file or directory
02-17 20:20:32.925 8479 8479 W .secretspace:p1: Entry not found
02-17 20:20:32.926 8479 8479 W ziparchive: Unable to open '/data/app/~~710swQFqqIkO-rMiAyMMcA==/com.hello.miheapp.secretspace- KvjLiCYx5gK8pe5WIDHE-Q==/split_config.hdpi.dm': No such file or directory
02-17 20:20:32.926 8479 8479 W ziparchive: Unable to open '/data/app/~~710swQFqqIkO-rMiAyMMcA==/com.hello.miheapp.secretspace- KvjLiCYx5gK8pe5WIDHE-Q==/split_config.hdpi.dm': No such file or directory
02-17 20:20:32.927 8479 8479 W .secretspace:p1: Entry not found
02-17 20:20:32.928 8479 8479 D nativeloader: Configuring clns-5 for other apk /data/app/~~710swQFqqIkO-rMiAyMMcA==/com.hello.miheapp.secretspace- KvjLiCYx5gK8pe5WIDHE-Q==/base.apk:/data/app/~~710swQFqqIkO-rMiAyMMcA==/ com.hello.miheapp.secretspace-KvjLiCYx5gK8pe5WIDHE-Q==/ split_config.arm64_v8a.apk:/data/app/~~710swQFqqIkO-rMiAyMMcA==/ com.hello.miheapp.secretspace-KvjLiCYx5gK8pe5WIDHE-Q==/split_config.en.apk:/data/ app/~~710swQFqqIkO-rMiAyMMcA==/com.hello.miheapp.secretspace-KvjLiCYx5gK8pe5WIDHE- Q==/split_config.hdpi.apk. target_sdk_version=34, uses_libraries=, library_path=/data/app/~~710swQFqqIkO-rMiAyMMcA==/com.hello.miheapp.secretspace- KvjLiCYx5gK8pe5WIDHE-Q==/lib/arm64:/data/app/~~710swQFqqIkO-rMiAyMMcA==/ com.hello.miheapp.secretspace-KvjLiCYx5gK8pe5WIDHE-Q==/base.apk!/lib/arm64-v8a:/ data/app/~~710swQFqqIkO-rMiAyMMcA==/com.hello.miheapp.secretspace- KvjLiCYx5gK8pe5WIDHE-Q==/split_config.arm64_v8a.apk!/lib/arm64-v8a:/data/app/ ~~710swQFqqIkO-rMiAyMMcA==/com.hello.miheapp.secretspace-KvjLiCYx5gK8pe5WIDHE-Q==/ split_config.en.apk!/lib/arm64-v8a:/data/app/~
02-17 20:20:32.951 8479 8479 D nativeloader: Load libframework-connectivity- jni.so using APEX ns com_android_tethering for caller /apex/com.android.tethering/javalib/framework-connectivity.jar: ok
02-17 20:20:32.968 8479 8479 V GraphicsEnvironment: Currently set values for:
02-17 20:20:32.968 8479 8479 V GraphicsEnvironment: angle_gl_driver_selection_pkgs=[]
02-17 20:20:32.968 8479 8479 V GraphicsEnvironment: angle_gl_driver_selection_values=[]
02-17 20:20:32.970 8479 8479 V GraphicsEnvironment: ANGLE GameManagerService for com.hello.miheapp.secretspace: false
02-17 20:20:32.970 8479 8479 V GraphicsEnvironment: com.hello.miheapp.secretspace is not listed in per-application setting
02-17 20:20:32.970 8479 8479 V GraphicsEnvironment: Neither updatable production driver nor prerelease driver is supported.
02-17 20:20:32.982 8479 8479 D nativeloader: Load /data/app/~~710swQFqqIkO- rMiAyMMcA==/com.hello.miheapp.secretspace-KvjLiCYx5gK8pe5WIDHE-Q==/ split_config.arm64_v8a.apk!/lib/arm64-v8a/librepublic.so using ns clns-5 from class loader (caller=/data/app/~~710swQFqqIkO-rMiAyMMcA==/com.hello.miheapp.secretspace- KvjLiCYx5gK8pe5WIDHE-Q==/base.apk): ok
02-17 20:20:33.127 6950 8276 W AudioCapabilities: Unsupported mime audio/ima- adpcm
02-17 20:20:33.132 6950 8276 W AudioCapabilities: Unsupported mime audio/mpeg-L1
02-17 20:20:33.132 6950 8276 W AudioCapabilities: Unsupported mime audio/mpeg-L2
02-17 20:20:33.154 6950 8276 W VideoCapabilities: Unsupported mime video/jpeg
02-17 20:20:33.154 6950 8276 W VideoCapabilities: Unsupported mime video/jpeg
02-17 20:20:33.182 8322 8402 D SessionConfigFetcher: Fetched settings: {"settings_version":3,"cache_duration":183247,"features": {"collect_logged_exceptions":true,"collect_reports":true,"collect_analytics":false, "prompt_enabled":false,"push_enabled":false,"firebase_crashlytics_enabled":false,"c ollect_anrs":true,"collect_metric_kit":false,"collect_build_ids":true},"app": {"status":"activated","update_required":false,"report_upload_variant":2,"native_rep ort_upload_variant":2},"fabric": {"org_id":"65f00c8a567bf1f0daf09834","bundle_id":"com.hello.miheapp.secretspace"}," on_demand_upload_rate_per_minute":10,"on_demand_backoff_base":1.2,"on_demand_backof f_step_duration_seconds":60,"app_quality": {"sessions_enabled":true,"sampling_rate":1,"session_timeout_seconds":1800},"on_dema nd_thread_recording_suspension_enabled":true}
02-17 20:20:33.199 8322 8388 I FirebaseCrashlytics: No version control information found
02-17 20:20:33.202 8322 8491 E secretspace:dex: No package ID 76 found for resource ID 0x760b000f.
02-17 20:20:33.203 8322 8491 E secretspace:dex: No package ID 76 found for resource ID 0x760b000f.
02-17 20:20:33.210 8322 8491 I FA : App measurement initialized, version: 116010
02-17 20:20:33.210 8322 8491 I FA : To enable debug logging run: adb shell setprop log.tag.FA VERBOSE
02-17 20:20:33.210 8322 8491 I FA : To enable faster debug mode event logging run:
02-17 20:20:33.210 8322 8491 I FA : adb shell setprop debug.firebase.analytics.app com.hello.miheapp.secretspace
02-17 20:20:33.290 8322 8455 D LifecycleServiceBinder: Binding service to application.
02-17 20:20:33.305 6950 8244 D CompatibilityChangeReporter: Compat change id reported: 263076149; UID 10254; state: ENABLED
02-17 20:20:33.343 6950 6950 D SessionLifecycleService: Service bound to new client on process 8322
02-17 20:20:33.344 6950 8395 D SessionLifecycleService: App has not yet foregrounded. Using previously stored session: 9abfa54f922845da824efe2f7278b85a
02-17 20:20:33.344 6950 8395 D SessionLifecycleService: Client android.os.Messenger@2f0cdbb bound at 132314. Clients: 2
02-17 20:20:33.347 8322 8322 D SessionLifecycleClient: Session update received: 9abfa54f922845da824efe2f7278b85a
02-17 20:20:33.347 8322 8322 D SessionLifecycleClient: Connected to SessionLifecycleService. Queue size 0
02-17 20:20:33.352 8322 8397 D SessionLifecycleClient: Notified CRASHLYTICS of new session 9abfa54f922845da824efe2f7278b85a
02-17 20:20:33.491 7966 8254 I FirebaseCrashlytics: No version control information found
02-17 20:20:33.687 8479 8479 W CheckTime: App running slow: Executing handleBindApplication : makeApplication took 714ms
02-17 20:20:33.700 8479 8479 W Glide : Failed to find GeneratedAppGlideModule. You should include an annotationProcessor compile dependency on com.github.bumptech.glide:compiler in your application and a @GlideModule annotated AppGlideModule implementation or LibraryGlideModules will be silently ignored
02-17 20:20:33.713 8479 8479 D CompatibilityChangeReporter: Compat change id reported: 183155436; UID 10254; state: ENABLED
02-17 20:20:33.718 8479 8479 D SessionsDependencies: Dependency to CRASHLYTICS added.
02-17 20:20:33.719 8479 8479 I FirebaseApp: Device unlocked: initializing all Firebase APIs for app [DEFAULT]
02-17 20:20:33.769 6950 6950 I Ads : JS: The jsLoaded GMSG has been sent (https://googleads.g.doubleclick.net/mads/static/mad/sdk/native/production/sdk- core-v40-impl.html:881)
02-17 20:20:33.856 7966 7987 D ChimeraServiceProvider: query: content://com.google.android.gms.chimera/api_force_staging/com.google.android.gms.m easurement.dynamite?requestStartTime=132714
02-17 20:20:33.861 8479 8479 D FirebaseSessions: Initializing Firebase Sessions SDK.
02-17 20:20:33.862 8479 8479 I FirebaseCrashlytics: Initializing Firebase Crashlytics 18.6.2 for com.hello.miheapp.secretspace
02-17 20:20:33.863 8479 8479 D CompatibilityChangeReporter: Compat change id reported: 247079863; UID 10254; state: ENABLED
02-17 20:20:33.863 8479 8614 W DynamiteModule: Failed to retrieve remote module version.
02-17 20:20:33.910 8479 8614 D nativeloader: Configuring clns-6 for other apk /system/framework/com.android.location.provider.jar. target_sdk_version=29, uses_libraries=ALL, library_path=/data/user/0/com.hello.miheapp.secretspace/sandbox/data/app/ com.google.android.gms/lib:/data/user/0/com.hello.miheapp.secretspace/sandbox/ data/app/com.google.android.gms/base.apk!/lib/arm64-v8a, permitted_path=/data:/mnt/expand:/data/user/0/com.hello.miheapp.secretspace/ sandbox/data/user/0/com.google.android.gms
02-17 20:20:33.911 8479 8479 W ScionFrontendAp: type=1400 audit(0.0:175): avc: granted { execute } for path="/data/data/com.hello.miheapp.secretspace/sandbox/data/app/com.google.android. gms/oat/arm64/base.odex" dev="dm-55" ino=432375 scontext=u:r:untrusted_app:s0:c254,c256,c512,c768 tcontext=u:object_r:app_data_file:s0:c254,c256,c512,c768 tclass=file app=com.hello.miheapp.secretspace
02-17 20:20:33.952 8479 8479 D SessionsDependencies: Subscriber CRASHLYTICS registered.
02-17 20:20:33.978 8479 8614 D nativeloader: Configuring clns-7 for other apk /data/user/0/com.hello.miheapp.secretspace/sandbox/data/app/com.google.android.gms/ base.apk. target_sdk_version=29, uses_libraries=, library_path=/data/user/0/com.hello.miheapp.secretspace/sandbox/data/app/ com.google.android.gms/lib:/data/user/0/com.hello.miheapp.secretspace/sandbox/ data/app/com.google.android.gms/base.apk!/lib/arm64-v8a, permitted_path=/data:/mnt/expand:/data/user/0/com.hello.miheapp.secretspace/ sandbox/data/user/0/com.google.android.gms
02-17 20:20:33.995 8479 8614 W DynamiteModule: IDynamite loader version = 2, no high precision latency measurement.
02-17 20:20:33.996 8479 8614 I DynamiteModule: Considering local module com.google.android.gms.measurement.dynamite:100 and remote module com.google.android.gms.measurement.dynamite:98
02-17 20:20:33.996 8479 8614 I DynamiteModule: Selected local version of com.google.android.gms.measurement.dynamite
02-17 20:20:33.996 8479 8614 W DynamiteModule: IDynamite loader version = 2, no high precision latency measurement.
02-17 20:20:34.008 8479 8651 D SessionConfigFetcher: Fetching settings from server.
02-17 20:20:34.057 8479 8479 I FirebaseApp: FirebaseApp initialization successful
02-17 20:20:34.131 8479 8648 I FirebaseCrashlytics: No version control information found
02-17 20:20:34.131 8479 8652 I FA : App measurement initialized, version: 84002
02-17 20:20:34.131 8479 8652 I FA : To enable debug logging run: adb shell setprop log.tag.FA VERBOSE
02-17 20:20:34.132 8479 8652 I FA : To enable faster debug mode event logging run:
02-17 20:20:34.132 8479 8652 I FA : adb shell setprop debug.firebase.analytics.app com.hello.miheapp.secretspace
02-17 20:20:34.145 8479 8479 W CheckTime: App running slow: Executing handleBindApplication : callApplicationOnCreate took 446ms
02-17 20:20:34.173 8479 8479 D nativeloader: Load /data/app/~~710swQFqqIkO- rMiAyMMcA==/com.hello.miheapp.secretspace-KvjLiCYx5gK8pe5WIDHE-Q==/ split_config.arm64_v8a.apk!/lib/arm64-v8a/libsandbox.so using ns clns-5 from class loader (caller=/data/app/~~710swQFqqIkO-rMiAyMMcA==/com.hello.miheapp.secretspace- KvjLiCYx5gK8pe5WIDHE-Q==/base.apk): ok
02-17 20:20:34.173 8479 8479 D NativeCore: NativeCore init.
02-17 20:20:34.173 8479 8479 D NativeCore: found art method entrypoint jni offset: 2
02-17 20:20:34.173 8479 8479 D NativeCore: not found art method match access flags offset , use default: 4
02-17 20:20:34.210 8479 8652 D CompatibilityChangeReporter: Compat change id reported: 183155436; UID 10254; state: ENABLED
02-17 20:20:34.237 8479 8479 E NativeCore: not native method
02-17 20:20:34.237 8479 8479 E NativeCore: check flags error. class:java/io/UnixFileSystem, method:canonicalize0
02-17 20:20:34.237 8479 8479 D NativeCore: register class:java/io/UnixFileSystem, method:getBooleanAttributes0 success!
02-17 20:20:34.237 8479 8479 D NativeCore: register class:java/io/UnixFileSystem, method:getLastModifiedTime0 success!
02-17 20:20:34.237 8479 8479 D NativeCore: register class:java/io/UnixFileSystem, method:setPermission0 success!
02-17 20:20:34.237 8479 8479 D NativeCore: register class:java/io/UnixFileSystem, method:createFileExclusively0 success!
02-17 20:20:34.237 8479 8479 D NativeCore: register class:java/io/UnixFileSystem, method:list0 success!
02-17 20:20:34.237 8479 8479 D NativeCore: register class:java/io/UnixFileSystem, method:createDirectory0 success!
02-17 20:20:34.237 8479 8479 D NativeCore: register class:java/io/UnixFileSystem, method:setLastModifiedTime0 success!
02-17 20:20:34.238 8479 8479 D NativeCore: register class:java/io/UnixFileSystem, method:setReadOnly0 success!
02-17 20:20:34.238 8479 8479 D NativeCore: register class:java/io/UnixFileSystem, method:getSpace0 success!
02-17 20:20:34.238 8479 8479 D NativeCore: register class:java/lang/VMClassLoader, method:findLoadedClass success!
02-17 20:20:34.238 8479 8479 D NativeCore: register class:android/os/Binder, method:getCallingUid success!
02-17 20:20:34.238 8479 8479 D NativeCore: register class:dalvik/system/VMRuntime, method:setHiddenApiExemptions success!
02-17 20:20:34.240 8479 8479 D NativeCore: register class:dalvik/system/DexFile, method:openDexFileNative success!
02-17 20:20:34.503 8479 8479 I MultiDex: VM with version 2.1.0 has multidex support
02-17 20:20:34.504 8479 8479 I MultiDex: Installing application
02-17 20:20:34.504 8479 8479 I MultiDex: VM has multidex support, MultiDex support library is disabled.
02-17 20:20:34.521 8479 8479 D CompatibilityChangeReporter: Compat change id reported: 183155436; UID 10001; state: ENABLED
02-17 20:20:34.540 7966 7966 D WM-RescheduleReceiver: Received intent Intent { act=android.intent.action.BOOT_COMPLETED }
02-17 20:20:34.540 7966 7966 E WM-RescheduleReceiver: Cannot reschedule jobs. WorkManager needs to be initialized via a ContentProvider#onCreate() or an Application#onCreate().
02-17 20:20:34.540 7966 7966 E WM-RescheduleReceiver: java.lang.IllegalStateException: WorkManager is not initialized properly. You have explicitly disabled WorkManagerInitializer in your manifest, have not manually called WorkManager#initialize at this point, and your Application does not implement Configuration.Provider.
02-17 20:20:34.540 7966 7966 E WM-RescheduleReceiver: at i1.j.j(SourceFile:1)
02-17 20:20:34.540 7966 7966 E WM-RescheduleReceiver: at androidx.work.impl.background.systemalarm.RescheduleReceiver.onReceive(Unknown Source:29)
02-17 20:20:34.540 7966 7966 E WM-RescheduleReceiver: at com.hello.sandbox.app.BActivityThread.lambda$scheduleReceiver$4(BActivityThread.jav a:9)
02-17 20:20:34.540 7966 7966 E WM-RescheduleReceiver: at com.hello.sandbox.app.BActivityThread.N1(Unknown Source:0)
02-17 20:20:34.540 7966 7966 E WM-RescheduleReceiver: at com.appsflyer.internal.o.run(Unknown Source:14)
02-17 20:20:34.540 7966 7966 E WM-RescheduleReceiver: at android.os.Handler.handleCallback(Handler.java:958)
02-17 20:20:34.540 7966 7966 E WM-RescheduleReceiver: at android.os.Handler.dispatchMessage(Handler.java:99)
02-17 20:20:34.540 7966 7966 E WM-RescheduleReceiver: at android.os.Looper.loopOnce(Looper.java:205)
02-17 20:20:34.540 7966 7966 E WM-RescheduleReceiver: at android.os.Looper.loop(Looper.java:294)
02-17 20:20:34.540 7966 7966 E WM-RescheduleReceiver: at android.app.ActivityThread.main(ActivityThread.java:8376)
02-17 20:20:34.540 7966 7966 E WM-RescheduleReceiver: at java.lang.reflect.Method.invoke(Native Method)
02-17 20:20:34.540 7966 7966 E WM-RescheduleReceiver: at com.android.internal.os.RuntimeInit$MethodAndArgsCaller.run(RuntimeInit.java:640)
02-17 20:20:34.540 7966 7966 E WM-RescheduleReceiver: at com.android.internal.os.ZygoteInit.main(ZygoteInit.java:982)
02-17 20:20:34.600 7966 7966 D GmsCheckinTrigger: Ignoring Intent { act=android.intent.action.BOOT_COMPLETED }: checkin is disabled
02-17 20:20:34.612 7966 7966 D WM-RescheduleReceiver: Received intent Intent { act=android.intent.action.BOOT_COMPLETED }
02-17 20:20:34.613 7966 7966 E WM-RescheduleReceiver: Cannot reschedule jobs. WorkManager needs to be initialized via a ContentProvider#onCreate() or an Application#onCreate().
02-17 20:20:34.613 7966 7966 E WM-RescheduleReceiver: java.lang.IllegalStateException: WorkManager is not initialized properly. You have explicitly disabled WorkManagerInitializer in your manifest, have not manually called WorkManager#initialize at this point, and your Application does not implement Configuration.Provider.
02-17 20:20:34.613 7966 7966 E WM-RescheduleReceiver: at i1.j.j(SourceFile:1)
02-17 20:20:34.613 7966 7966 E WM-RescheduleReceiver: at androidx.work.impl.background.systemalarm.RescheduleReceiver.onReceive(Unknown Source:29)
02-17 20:20:34.613 7966 7966 E WM-RescheduleReceiver: at com.hello.sandbox.app.BActivityThread.lambda$scheduleReceiver$4(BActivityThread.jav a:9)
02-17 20:20:34.613 7966 7966 E WM-RescheduleReceiver: at com.hello.sandbox.app.BActivityThread.N1(Unknown Source:0)
02-17 20:20:34.613 7966 7966 E WM-RescheduleReceiver: at com.appsflyer.internal.o.run(Unknown Source:14)
02-17 20:20:34.613 7966 7966 E WM-RescheduleReceiver: at android.os.Handler.handleCallback(Handler.java:958)
02-17 20:20:34.613 7966 7966 E WM-RescheduleReceiver: at android.os.Handler.dispatchMessage(Handler.java:99)
02-17 20:20:34.613 7966 7966 E WM-RescheduleReceiver: at android.os.Looper.loopOnce(Looper.java:205)
02-17 20:20:34.613 7966 7966 E WM-RescheduleReceiver: at android.os.Looper.loop(Looper.java:294)
02-17 20:20:34.613 7966 7966 E WM-RescheduleReceiver: at android.app.ActivityThread.main(ActivityThread.java:8376)
02-17 20:20:34.613 7966 7966 E WM-RescheduleReceiver: at java.lang.reflect.Method.invoke(Native Method)
02-17 20:20:34.613 7966 7966 E WM-RescheduleReceiver: at com.android.internal.os.RuntimeInit$MethodAndArgsCaller.run(RuntimeInit.java:640)
02-17 20:20:34.613 7966 7966 E WM-RescheduleReceiver: at com.android.internal.os.ZygoteInit.main(ZygoteInit.java:982)
02-17 20:20:34.668 7966 7966 D GmsCheckinTrigger: Ignoring Intent { act=android.intent.action.BOOT_COMPLETED }: checkin is disabled
02-17 20:20:34.669 8479 8479 D GmsGcmTrigger: Ignoring Intent { act=android.intent.action.BOOT_COMPLETED }: gcm is disabled
02-17 20:20:34.676 7966 8380 D MeasurementService: bound by: GetServiceRequest{serviceId=MEASUREMENT, gmsVersion=12451000, packageName='com.hello.miheapp.secretspace', extras=Bundle[{}]}
02-17 20:20:34.690 8479 8479 D ExposureNotification: ServiceTrigger: Intent { act=android.intent.action.BOOT_COMPLETED }
02-17 20:20:34.697 7966 7966 D WM-RescheduleReceiver: Received intent Intent { act=android.intent.action.BOOT_COMPLETED }
02-17 20:20:34.697 7966 7966 E WM-RescheduleReceiver: Cannot reschedule jobs. WorkManager needs to be initialized via a ContentProvider#onCreate() or an Application#onCreate().
02-17 20:20:34.697 7966 7966 E WM-RescheduleReceiver: java.lang.IllegalStateException: WorkManager is not initialized properly. You have explicitly disabled WorkManagerInitializer in your manifest, have not manually called WorkManager#initialize at this point, and your Application does not implement Configuration.Provider.
02-17 20:20:34.697 7966 7966 E WM-RescheduleReceiver: at i1.j.j(SourceFile:1)
02-17 20:20:34.697 7966 7966 E WM-RescheduleReceiver: at androidx.work.impl.background.systemalarm.RescheduleReceiver.onReceive(Unknown Source:29)
02-17 20:20:34.697 7966 7966 E WM-RescheduleReceiver: at com.hello.sandbox.app.BActivityThread.lambda$scheduleReceiver$4(BActivityThread.jav a:9)
02-17 20:20:34.697 7966 7966 E WM-RescheduleReceiver: at com.hello.sandbox.app.BActivityThread.N1(Unknown Source:0)
02-17 20:20:34.697 7966 7966 E WM-RescheduleReceiver: at com.appsflyer.internal.o.run(Unknown Source:14)
02-17 20:20:34.697 7966 7966 E WM-RescheduleReceiver: at android.os.Handler.handleCallback(Handler.java:958)
02-17 20:20:34.697 7966 7966 E WM-RescheduleReceiver: at android.os.Handler.dispatchMessage(Handler.java:99)
02-17 20:20:34.697 7966 7966 E WM-RescheduleReceiver: at android.os.Looper.loopOnce(Looper.java:205)
02-17 20:20:34.697 7966 7966 E WM-RescheduleReceiver: at android.os.Looper.loop(Looper.java:294)
02-17 20:20:34.697 7966 7966 E WM-RescheduleReceiver: at android.app.ActivityThread.main(ActivityThread.java:8376)
02-17 20:20:34.697 7966 7966 E WM-RescheduleReceiver: at java.lang.reflect.Method.invoke(Native Method)
02-17 20:20:34.697 7966 7966 E WM-RescheduleReceiver: at com.android.internal.os.RuntimeInit$MethodAndArgsCaller.run(RuntimeInit.java:640)
02-17 20:20:34.697 7966 7966 E WM-RescheduleReceiver: at com.android.internal.os.ZygoteInit.main(ZygoteInit.java:982)
02-17 20:20:34.765 7966 7966 D GmsCheckinTrigger: Ignoring Intent { act=android.intent.action.BOOT_COMPLETED }: checkin is disabled
02-17 20:20:34.779 7966 7966 D WM-RescheduleReceiver: Received intent Intent { act=android.intent.action.BOOT_COMPLETED }
02-17 20:20:34.779 7966 7966 E WM-RescheduleReceiver: Cannot reschedule jobs. WorkManager needs to be initialized via a ContentProvider#onCreate() or an Application#onCreate().
02-17 20:20:34.779 7966 7966 E WM-RescheduleReceiver: java.lang.IllegalStateException: WorkManager is not initialized properly. You have explicitly disabled WorkManagerInitializer in your manifest, have not manually called WorkManager#initialize at this point, and your Application does not implement Configuration.Provider.
02-17 20:20:34.779 7966 7966 E WM-RescheduleReceiver: at i1.j.j(SourceFile:1)
02-17 20:20:34.779 7966 7966 E WM-RescheduleReceiver: at androidx.work.impl.background.systemalarm.RescheduleReceiver.onReceive(Unknown Source:29)
02-17 20:20:34.779 7966 7966 E WM-RescheduleReceiver: at com.hello.sandbox.app.BActivityThread.lambda$scheduleReceiver$4(BActivityThread.jav a:9)
02-17 20:20:34.779 7966 7966 E WM-RescheduleReceiver: at com.hello.sandbox.app.BActivityThread.N1(Unknown Source:0)
02-17 20:20:34.779 7966 7966 E WM-RescheduleReceiver: at com.appsflyer.internal.o.run(Unknown Source:14)
02-17 20:20:34.779 7966 7966 E WM-RescheduleReceiver: at android.os.Handler.handleCallback(Handler.java:958)
02-17 20:20:34.779 7966 7966 E WM-RescheduleReceiver: at android.os.Handler.dispatchMessage(Handler.java:99)
02-17 20:20:34.779 7966 7966 E WM-RescheduleReceiver: at android.os.Looper.loopOnce(Looper.java:205)
02-17 20:20:34.779 7966 7966 E WM-RescheduleReceiver: at android.os.Looper.loop(Looper.java:294)
02-17 20:20:34.779 7966 7966 E WM-RescheduleReceiver: at android.app.ActivityThread.main(ActivityThread.java:8376)
02-17 20:20:34.779 7966 7966 E WM-RescheduleReceiver: at java.lang.reflect.Method.invoke(Native Method)
02-17 20:20:34.779 7966 7966 E WM-RescheduleReceiver: at com.android.internal.os.RuntimeInit$MethodAndArgsCaller.run(RuntimeInit.java:640)
02-17 20:20:34.779 7966 7966 E WM-RescheduleReceiver: at com.android.internal.os.ZygoteInit.main(ZygoteInit.java:982)
02-17 20:20:34.806 7966 7966 D GmsCheckinTrigger: Ignoring Intent { act=android.intent.action.BOOT_COMPLETED }: checkin is disabled
02-17 20:20:34.836 7966 7966 D WM-RescheduleReceiver: Received intent Intent { act=android.intent.action.BOOT_COMPLETED }
02-17 20:20:34.836 7966 7966 E WM-RescheduleReceiver: Cannot reschedule jobs. WorkManager needs to be initialized via a ContentProvider#onCreate() or an Application#onCreate().
02-17 20:20:34.836 7966 7966 E WM-RescheduleReceiver: java.lang.IllegalStateException: WorkManager is not initialized properly. You have explicitly disabled WorkManagerInitializer in your manifest, have not manually called WorkManager#initialize at this point, and your Application does not implement Configuration.Provider.
02-17 20:20:34.836 7966 7966 E WM-RescheduleReceiver: at i1.j.j(SourceFile:1)
02-17 20:20:34.836 7966 7966 E WM-RescheduleReceiver: at androidx.work.impl.background.systemalarm.RescheduleReceiver.onReceive(Unknown Source:29)
02-17 20:20:34.836 7966 7966 E WM-RescheduleReceiver: at com.hello.sandbox.app.BActivityThread.lambda$scheduleReceiver$4(BActivityThread.jav a:9)
02-17 20:20:34.836 7966 7966 E WM-RescheduleReceiver: at com.hello.sandbox.app.BActivityThread.N1(Unknown Source:0)
02-17 20:20:34.836 7966 7966 E WM-RescheduleReceiver: at com.appsflyer.internal.o.run(Unknown Source:14)
02-17 20:20:34.836 7966 7966 E WM-RescheduleReceiver: at android.os.Handler.handleCallback(Handler.java:958)
02-17 20:20:34.836 7966 7966 E WM-RescheduleReceiver: at android.os.Handler.dispatchMessage(Handler.java:99)
02-17 20:20:34.836 7966 7966 E WM-RescheduleReceiver: at android.os.Looper.loopOnce(Looper.java:205)
02-17 20:20:34.836 7966 7966 E WM-RescheduleReceiver: at android.os.Looper.loop(Looper.java:294)
02-17 20:20:34.836 7966 7966 E WM-RescheduleReceiver: at android.app.ActivityThread.main(ActivityThread.java:8376)
02-17 20:20:34.836 7966 7966 E WM-RescheduleReceiver: at java.lang.reflect.Method.invoke(Native Method)
02-17 20:20:34.836 7966 7966 E WM-RescheduleReceiver: at com.android.internal.os.RuntimeInit$MethodAndArgsCaller.run(RuntimeInit.java:640)
02-17 20:20:34.836 7966 7966 E WM-RescheduleReceiver: at com.android.internal.os.ZygoteInit.main(ZygoteInit.java:982)
02-17 20:20:34.890 7966 7966 D GmsCheckinTrigger: Ignoring Intent { act=android.intent.action.BOOT_COMPLETED }: checkin is disabled
02-17 20:20:34.901 8479 8479 D ExposureNotification: Trigger class org.microg.gms.nearby.exposurenotification.CleanupService
02-17 20:20:34.902 8479 8623 D SessionConfigFetcher: Fetched settings: {"settings_version":3,"cache_duration":192823,"features": {"collect_logged_exceptions":true,"collect_reports":true,"collect_analytics":false, "prompt_enabled":false,"push_enabled":false,"firebase_crashlytics_enabled":false,"c ollect_anrs":true,"collect_metric_kit":false,"collect_build_ids":true},"app": {"status":"activated","update_required":false,"report_upload_variant":2,"native_rep ort_upload_variant":2},"fabric": {"org_id":"65f00c8a567bf1f0daf09834","bundle_id":"com.hello.miheapp.secretspace"}," on_demand_upload_rate_per_minute":10,"on_demand_backoff_base":1.2,"on_demand_backof f_step_duration_seconds":60,"app_quality": {"sessions_enabled":true,"sampling_rate":1,"session_timeout_seconds":1800},"on_dema nd_thread_recording_suspension_enabled":true}
02-17 20:20:34.954 8479 8633 D LifecycleServiceBinder: Binding service to application.
02-17 20:20:34.957 7966 7966 D WM-RescheduleReceiver: Received intent Intent { act=android.intent.action.BOOT_COMPLETED }
02-17 20:20:34.958 7966 7966 E WM-RescheduleReceiver: Cannot reschedule jobs. WorkManager needs to be initialized via a ContentProvider#onCreate() or an Application#onCreate().
02-17 20:20:34.958 7966 7966 E WM-RescheduleReceiver: java.lang.IllegalStateException: WorkManager is not initialized properly. You have explicitly disabled WorkManagerInitializer in your manifest, have not manually called WorkManager#initialize at this point, and your Application does not implement Configuration.Provider.
02-17 20:20:34.958 7966 7966 E WM-RescheduleReceiver: at i1.j.j(SourceFile:1)
02-17 20:20:34.958 7966 7966 E WM-RescheduleReceiver: at androidx.work.impl.background.systemalarm.RescheduleReceiver.onReceive(Unknown Source:29)
02-17 20:20:34.958 7966 7966 E WM-RescheduleReceiver: at com.hello.sandbox.app.BActivityThread.lambda$scheduleReceiver$4(BActivityThread.jav a:9)
02-17 20:20:34.958 7966 7966 E WM-RescheduleReceiver: at com.hello.sandbox.app.BActivityThread.N1(Unknown Source:0)
02-17 20:20:34.958 7966 7966 E WM-RescheduleReceiver: at com.appsflyer.internal.o.run(Unknown Source:14)
02-17 20:20:34.958 7966 7966 E WM-RescheduleReceiver: at android.os.Handler.handleCallback(Handler.java:958)
02-17 20:20:34.958 7966 7966 E WM-RescheduleReceiver: at android.os.Handler.dispatchMessage(Handler.java:99)
02-17 20:20:34.958 7966 7966 E WM-RescheduleReceiver: at android.os.Looper.loopOnce(Looper.java:205)
02-17 20:20:34.958 7966 7966 E WM-RescheduleReceiver: at android.os.Looper.loop(Looper.java:294)
02-17 20:20:34.958 7966 7966 E WM-RescheduleReceiver: at android.app.ActivityThread.main(ActivityThread.java:8376)
02-17 20:20:34.958 7966 7966 E WM-RescheduleReceiver: at java.lang.reflect.Method.invoke(Native Method)
02-17 20:20:34.958 7966 7966 E WM-RescheduleReceiver: at com.android.internal.os.RuntimeInit$MethodAndArgsCaller.run(RuntimeInit.java:640)
02-17 20:20:34.958 7966 7966 E WM-RescheduleReceiver: at com.android.internal.os.ZygoteInit.main(ZygoteInit.java:982)
02-17 20:20:35.004 7966 7966 D GmsCheckinTrigger: Ignoring Intent { act=android.intent.action.BOOT_COMPLETED }: checkin is disabled
02-17 20:20:35.011 8479 8479 D GmsGcmTrigger: Ignoring Intent { act=android.intent.action.BOOT_COMPLETED }: gcm is disabled
02-17 20:20:35.022 8479 8479 D ExposureNotification: ServiceTrigger: Intent { act=android.intent.action.BOOT_COMPLETED }
02-17 20:20:35.030 7966 7966 D WM-RescheduleReceiver: Received intent Intent { act=android.intent.action.BOOT_COMPLETED }
02-17 20:20:35.031 7966 7966 E WM-RescheduleReceiver: Cannot reschedule jobs. WorkManager needs to be initialized via a ContentProvider#onCreate() or an Application#onCreate().
02-17 20:20:35.031 7966 7966 E WM-RescheduleReceiver: java.lang.IllegalStateException: WorkManager is not initialized properly. You have explicitly disabled WorkManagerInitializer in your manifest, have not manually called WorkManager#initialize at this point, and your Application does not implement Configuration.Provider.
02-17 20:20:35.031 7966 7966 E WM-RescheduleReceiver: at i1.j.j(SourceFile:1)
02-17 20:20:35.031 7966 7966 E WM-RescheduleReceiver: at androidx.work.impl.background.systemalarm.RescheduleReceiver.onReceive(Unknown Source:29)
02-17 20:20:35.031 7966 7966 E WM-RescheduleReceiver: at com.hello.sandbox.app.BActivityThread.lambda$scheduleReceiver$4(BActivityThread.jav a:9)
02-17 20:20:35.031 7966 7966 E WM-RescheduleReceiver: at com.hello.sandbox.app.BActivityThread.N1(Unknown Source:0)
02-17 20:20:35.031 7966 7966 E WM-RescheduleReceiver: at com.appsflyer.internal.o.run(Unknown Source:14)
02-17 20:20:35.031 7966 7966 E WM-RescheduleReceiver: at android.os.Handler.handleCallback(Handler.java:958)
02-17 20:20:35.031 7966 7966 E WM-RescheduleReceiver: at android.os.Handler.dispatchMessage(Handler.java:99)
02-17 20:20:35.031 7966 7966 E WM-RescheduleReceiver: at android.os.Looper.loopOnce(Looper.java:205)
02-17 20:20:35.031 7966 7966 E WM-RescheduleReceiver: at android.os.Looper.loop(Looper.java:294)
02-17 20:20:35.031 7966 7966 E WM-RescheduleReceiver: at android.app.ActivityThread.main(ActivityThread.java:8376)
02-17 20:20:35.031 7966 7966 E WM-RescheduleReceiver: at java.lang.reflect.Method.invoke(Native Method)
02-17 20:20:35.031 7966 7966 E WM-RescheduleReceiver: at com.android.internal.os.RuntimeInit$MethodAndArgsCaller.run(RuntimeInit.java:640)
02-17 20:20:35.031 7966 7966 E WM-RescheduleReceiver: at com.android.internal.os.ZygoteInit.main(ZygoteInit.java:982)
02-17 20:20:35.048 7966 7966 D GmsCheckinTrigger: Ignoring Intent { act=android.intent.action.BOOT_COMPLETED }: checkin is disabled
02-17 20:20:35.062 7966 7966 D WM-RescheduleReceiver: Received intent Intent { act=android.intent.action.BOOT_COMPLETED }
02-17 20:20:35.063 7966 7966 E WM-RescheduleReceiver: Cannot reschedule jobs. WorkManager needs to be initialized via a ContentProvider#onCreate() or an Application#onCreate().
02-17 20:20:35.063 7966 7966 E WM-RescheduleReceiver: java.lang.IllegalStateException: WorkManager is not initialized properly. You have explicitly disabled WorkManagerInitializer in your manifest, have not manually called WorkManager#initialize at this point, and your Application does not implement Configuration.Provider.
02-17 20:20:35.063 7966 7966 E WM-RescheduleReceiver: at i1.j.j(SourceFile:1)
02-17 20:20:35.063 7966 7966 E WM-RescheduleReceiver: at androidx.work.impl.background.systemalarm.RescheduleReceiver.onReceive(Unknown Source:29)
02-17 20:20:35.063 7966 7966 E WM-RescheduleReceiver: at com.hello.sandbox.app.BActivityThread.lambda$scheduleReceiver$4(BActivityThread.jav a:9)
02-17 20:20:35.063 7966 7966 E WM-RescheduleReceiver: at com.hello.sandbox.app.BActivityThread.N1(Unknown Source:0)
02-17 20:20:35.063 7966 7966 E WM-RescheduleReceiver: at com.appsflyer.internal.o.run(Unknown Source:14)
02-17 20:20:35.063 7966 7966 E WM-RescheduleReceiver: at android.os.Handler.handleCallback(Handler.java:958)
02-17 20:20:35.063 7966 7966 E WM-RescheduleReceiver: at android.os.Handler.dispatchMessage(Handler.java:99)
02-17 20:20:35.063 7966 7966 E WM-RescheduleReceiver: at android.os.Looper.loopOnce(Looper.java:205)
02-17 20:20:35.063 7966 7966 E WM-RescheduleReceiver: at android.os.Looper.loop(Looper.java:294)
02-17 20:20:35.063 7966 7966 E WM-RescheduleReceiver: at android.app.ActivityThread.main(ActivityThread.java:8376)
02-17 20:20:35.063 7966 7966 E WM-RescheduleReceiver: at java.lang.reflect.Method.invoke(Native Method)
02-17 20:20:35.063 7966 7966 E WM-RescheduleReceiver: at com.android.internal.os.RuntimeInit$MethodAndArgsCaller.run(RuntimeInit.java:640)
02-17 20:20:35.063 7966 7966 E WM-RescheduleReceiver: at com.android.internal.os.ZygoteInit.main(ZygoteInit.java:982)
02-17 20:20:35.210 7966 8192 D MeasurementService: bound by: GetServiceRequest{serviceId=MEASUREMENT, gmsVersion=250632000, packageName='com.hello.miheapp.secretspace', extras=Bundle[{}]}
02-17 20:20:35.218 7966 8380 D SafeParcel: Unknown field id 34 in com.google.android.gms.measurement.internal.AppMetadata, skipping.
02-17 20:20:35.218 7966 8380 D SafeParcel: Unknown field id 36 in com.google.android.gms.measurement.internal.AppMetadata, skipping.
02-17 20:20:35.218 7966 8380 D SafeParcel: Unknown field id 37 in com.google.android.gms.measurement.internal.AppMetadata, skipping.
02-17 20:20:35.218 7966 8380 D SafeParcel: Unknown field id 38 in com.google.android.gms.measurement.internal.AppMetadata, skipping.
02-17 20:20:35.218 7966 8380 D MeasurementService: sendAppLaunch() for AppMetadata[com.hello.miheapp.secretspace]
02-17 20:20:35.237 7966 7987 D SafeParcel: Unknown field id 34 in com.google.android.gms.measurement.internal.AppMetadata, skipping.
02-17 20:20:35.237 7966 7987 D SafeParcel: Unknown field id 36 in com.google.android.gms.measurement.internal.AppMetadata, skipping.
02-17 20:20:35.237 7966 7987 D SafeParcel: Unknown field id 37 in com.google.android.gms.measurement.internal.AppMetadata, skipping.
02-17 20:20:35.237 7966 7987 D SafeParcel: Unknown field id 38 in com.google.android.gms.measurement.internal.AppMetadata, skipping.
02-17 20:20:35.237 7966 7987 D MeasurementService: getAppInstanceId() for AppMetadata[com.hello.miheapp.secretspace]
02-17 20:20:35.253 7966 8380 D SafeParcel: Unknown field id 34 in com.google.android.gms.measurement.internal.AppMetadata, skipping.
02-17 20:20:35.253 7966 8380 D SafeParcel: Unknown field id 36 in com.google.android.gms.measurement.internal.AppMetadata, skipping.
02-17 20:20:35.253 7966 8380 D SafeParcel: Unknown field id 37 in com.google.android.gms.measurement.internal.AppMetadata, skipping.
02-17 20:20:35.253 7966 8380 D SafeParcel: Unknown field id 38 in com.google.android.gms.measurement.internal.AppMetadata, skipping.
02-17 20:20:35.253 7966 8380 D MeasurementService: sendDefaultEventParameters(Bundle[EMPTY_PARCEL]) for AppMetadata[com.hello.miheapp.secretspace]
02-17 20:20:35.281 8479 8479 D ExposureNotification: Trigger class org.microg.gms.nearby.exposurenotification.CleanupService
02-17 20:20:35.360 8479 8479 D GmsGcmTrigger: Ignoring Intent { act=android.intent.action.BOOT_COMPLETED }: gcm is disabled
02-17 20:20:35.367 8479 8479 D ExposureNotification: ServiceTrigger: Intent { act=android.intent.action.BOOT_COMPLETED }
02-17 20:20:35.371 7966 8763 D SafeParcel: Unknown field id 34 in com.google.android.gms.measurement.internal.AppMetadata, skipping.
02-17 20:20:35.371 7966 8763 D SafeParcel: Unknown field id 35 in com.google.android.gms.measurement.internal.AppMetadata, skipping.
02-17 20:20:35.371 7966 8763 D MeasurementService: sendAppLaunch() for AppMetadata[com.hello.miheapp.secretspace]
02-17 20:20:35.398 7966 8763 D SafeParcel: Unknown field id 34 in com.google.android.gms.measurement.internal.AppMetadata, skipping.
02-17 20:20:35.398 7966 8763 D SafeParcel: Unknown field id 35 in com.google.android.gms.measurement.internal.AppMetadata, skipping.
02-17 20:20:35.398 7966 8763 D MeasurementService: getAppInstanceId() for AppMetadata[com.hello.miheapp.secretspace]
02-17 20:20:35.403 7966 8763 D SafeParcel: Unknown field id 34 in com.google.android.gms.measurement.internal.AppMetadata, skipping.
02-17 20:20:35.404 7966 8763 D SafeParcel: Unknown field id 35 in com.google.android.gms.measurement.internal.AppMetadata, skipping.
02-17 20:20:35.404 7966 8763 D MeasurementService: sendDefaultEventParameters(Bundle[EMPTY_PARCEL]) for AppMetadata[com.hello.miheapp.secretspace]
02-17 20:20:35.472 8479 8479 D ExposureNotification: Trigger class org.microg.gms.nearby.exposurenotification.CleanupService
02-17 20:20:35.547 8479 8479 D GmsGcmTrigger: Ignoring Intent { act=android.intent.action.BOOT_COMPLETED }: gcm is disabled
02-17 20:20:35.551 8479 8479 D ExposureNotification: ServiceTrigger: Intent { act=android.intent.action.BOOT_COMPLETED }
02-17 20:20:35.619 8479 8479 D ExposureNotification: Trigger class org.microg.gms.nearby.exposurenotification.CleanupService
02-17 20:20:35.698 8479 8479 D GmsGcmTrigger: Ignoring Intent { act=android.intent.action.BOOT_COMPLETED }: gcm is disabled
02-17 20:20:35.701 8479 8479 D ExposureNotification: ServiceTrigger: Intent { act=android.intent.action.BOOT_COMPLETED }
02-17 20:20:35.921 8479 8479 D ExposureNotification: Trigger class org.microg.gms.nearby.exposurenotification.CleanupService
02-17 20:20:36.108 8479 8479 D GmsGcmTrigger: Ignoring Intent { act=android.intent.action.BOOT_COMPLETED }: gcm is disabled
02-17 20:20:36.123 8479 8479 D ExposureNotification: CleanupService.start: Intent { cmp=com.google.android.gms/org.microg.gms.nearby.exposurenotification.CleanupServic e }
02-17 20:20:36.329 8479 8479 D ExposureNotification: ServiceTrigger: Intent { act=android.intent.action.BOOT_COMPLETED }
02-17 20:20:36.368 8479 8825 D ExposureNotification: Deleted on daily cleanup: 0 adv
02-17 20:20:36.369 8479 8825 D ExposureNotification: Deleted on daily cleanup: 0 applogs
02-17 20:20:36.371 8479 8825 D ExposureNotification: Deleted on daily cleanup: 0 tokens
02-17 20:20:36.372 8479 8825 D ExposureNotification: Deleted on daily cleanup: 0 teks
02-17 20:20:36.373 8479 8825 D ExposureNotification: Deleted on daily cleanup: 0 tcss
02-17 20:20:36.375 8479 8825 D ExposureNotification: Deleted on daily cleanup: 0 tcfs
02-17 20:20:36.375 8479 8825 D ExposureNotification: Deleted on daily cleanup: 0 perms
02-17 20:20:36.481 8479 8825 D ExposureNotification: Done vacuuming
02-17 20:20:36.608 7197 7208 I cretspace:black: Background concurrent mark compact GC freed 9812KB AllocSpace bytes, 51(5364KB) LOS objects,